{"id":44174,"date":"2026-05-03T12:02:01","date_gmt":"2026-05-03T10:02:01","guid":{"rendered":"https:\/\/hasznalt-ora.hu\/hirdetes\/a-90-es-evek-eleganciaja-japan-seiko-arany-karora-1996-augusztusabol\/"},"modified":"2026-05-03T12:02:01","modified_gmt":"2026-05-03T10:02:01","slug":"a-90-es-evek-eleganciaja-japan-seiko-arany-karora-1996-augusztusabol","status":"publish","type":"advert","link":"https:\/\/hasznalt-ora.hu\/en\/hirdetes\/a-90-es-evek-eleganciaja-japan-seiko-arany-karora-1996-augusztusabol\/","title":{"rendered":"A &#8217;90-es \u00e9vek eleganci\u00e1ja! Jap\u00e1n Seiko &#8220;arany&#8221; kar\u00f3ra 1996. augusztus\u00e1b\u00f3l!"},"content":{"rendered":"<p><span dir=\"auto\">Ez az \u00f3ra nem akar t\u00f6bbnek l\u00e1tszani, mint ami: egy m\u00e9lt\u00f3s\u00e1gteljes veter\u00e1n. B\u00e1r az \u00e9vek sor\u00e1n gy\u0171jt\u00f6tt n\u00e9mi patin\u00e1t, \u00e9s az aranyozott fel\u00fcleteken megl\u00e1tszik az id\u0151 m\u00fal\u00e1sa, m\u00e9gis meg\u0151rizte eredeti eleganci\u00e1j\u00e1t! De ne t\u00e9vesszen meg a k\u00fcls\u0151! Ez a Seiko nem ment nyugd\u00edjba. Ez a Seiko quartz szerkezet ma is ugyanolyan makacs precizit\u00e1ssal teszi a dolg\u00e1t, mint \u00fajkor\u00e1ban. Lehet, hogy nem vadonat\u00faj, de van benne valami, ami az \u00faj \u00f3r\u00e1kb\u00f3l hi\u00e1nyzik: t\u00f6rt\u00e9nelem \u00e9s tart\u00e1s. Nem csup\u00e1n egy d\u00edszt\u00e1rgy, hanem egy megb\u00edzhat\u00f3 t\u00e1rs, amely st\u00edlusosan \u00e9s pontosan k\u00eds\u00e9r el a mindennapokban. Egy igazi klasszikus, amely m\u00e9g hossz\u00fa \u00e9vekig h\u0171s\u00e9gesen szolg\u00e1lhat! A korona n\u00e9lk\u00fcli \u00e1tm\u00e9r\u0151: 34mmx39mm! Ne hagyja ki a lehet\u0151s\u00e9get! Post\u00e1z\u00e1si lehet\u0151s\u00e9gek Foxposttal vagy Magyar Post\u00e1val 1600Ft. Szem\u00e9lyes \u00e1tv\u00e9tel Budapesten lehets\u00e9ges.<\/span><\/p>","protected":false},"excerpt":{"rendered":"<p>Ez az \u00f3ra nem akar t\u00f6bbnek l\u00e1tszani, mint ami: egy m\u00e9lt\u00f3s\u00e1gteljes veter\u00e1n. B\u00e1r az \u00e9vek sor\u00e1n gy\u0171jt\u00f6tt n\u00e9mi patin\u00e1t, \u00e9s az aranyozott fel\u00fcleteken megl\u00e1tszik az id\u0151 m\u00fal\u00e1sa, m\u00e9gis meg\u0151rizte eredeti eleganci\u00e1j\u00e1t! De ne t\u00e9vesszen meg a k\u00fcls\u0151! Ez a Seiko nem ment nyugd\u00edjba. Ez a Seiko quartz szerkezet ma is ugyanolyan makacs precizit\u00e1ssal teszi a&#8230;<\/p>","protected":false},"author":8511,"featured_media":44176,"comment_status":"closed","ping_status":"closed","template":"","advert-category":[3914,3770],"advert-location":[593,611],"class_list":["post-44174","advert","type-advert","status-publish","has-post-thumbnail","hentry","advert-category-karora","advert-category-seiko","advert-location-budapest","advert-location-budapest-xvii-kerulet"],"yoast_head":"<!-- This site is optimized with the Yoast SEO plugin v26.3 - https:\/\/yoast.com\/wordpress\/plugins\/seo\/ -->\n<title>A &#039;90-es \u00e9vek eleganci\u00e1ja! Jap\u00e1n Seiko &quot;arany&quot; kar\u00f3ra 1996. augusztus\u00e1b\u00f3l! - HASZN\u00c1LT-\u00d3RA.HU<\/title>\n<meta name=\"robots\" content=\"index, follow, max-snippet:-1, max-image-preview:large, max-video-preview:-1\" \/>\n<link rel=\"canonical\" href=\"https:\/\/hasznalt-ora.hu\/en\/hirdetes\/a-90-es-evek-eleganciaja-japan-seiko-arany-karora-1996-augusztusabol\/\" \/>\n<meta name=\"twitter:label1\" content=\"Est. reading time\" \/>\n\t<meta name=\"twitter:data1\" content=\"1 minute\" \/>\n<script type=\"application\/ld+json\" class=\"yoast-schema-graph\">{\"@context\":\"https:\/\/schema.org\",\"@graph\":[{\"@type\":\"WebPage\",\"@id\":\"https:\/\/hasznalt-ora.hu\/hirdetes\/a-90-es-evek-eleganciaja-japan-seiko-arany-karora-1996-augusztusabol\/\",\"url\":\"https:\/\/hasznalt-ora.hu\/hirdetes\/a-90-es-evek-eleganciaja-japan-seiko-arany-karora-1996-augusztusabol\/\",\"name\":\"A '90-es \u00e9vek eleganci\u00e1ja! Jap\u00e1n Seiko \\\"arany\\\" kar\u00f3ra 1996. augusztus\u00e1b\u00f3l! - HASZN\u00c1LT-\u00d3RA.HU\",\"isPartOf\":{\"@id\":\"https:\/\/hasznalt-ora.hu\/#website\"},\"primaryImageOfPage\":{\"@id\":\"https:\/\/hasznalt-ora.hu\/hirdetes\/a-90-es-evek-eleganciaja-japan-seiko-arany-karora-1996-augusztusabol\/#primaryimage\"},\"image\":{\"@id\":\"https:\/\/hasznalt-ora.hu\/hirdetes\/a-90-es-evek-eleganciaja-japan-seiko-arany-karora-1996-augusztusabol\/#primaryimage\"},\"thumbnailUrl\":\"https:\/\/hasznalt-ora.hu\/wp-content\/uploads\/2026\/05\/seiko1.jpg\",\"datePublished\":\"2026-05-03T10:02:01+00:00\",\"breadcrumb\":{\"@id\":\"https:\/\/hasznalt-ora.hu\/hirdetes\/a-90-es-evek-eleganciaja-japan-seiko-arany-karora-1996-augusztusabol\/#breadcrumb\"},\"inLanguage\":\"en-US\",\"potentialAction\":[{\"@type\":\"ReadAction\",\"target\":[\"https:\/\/hasznalt-ora.hu\/hirdetes\/a-90-es-evek-eleganciaja-japan-seiko-arany-karora-1996-augusztusabol\/\"]}]},{\"@type\":\"ImageObject\",\"inLanguage\":\"en-US\",\"@id\":\"https:\/\/hasznalt-ora.hu\/hirdetes\/a-90-es-evek-eleganciaja-japan-seiko-arany-karora-1996-augusztusabol\/#primaryimage\",\"url\":\"https:\/\/hasznalt-ora.hu\/wp-content\/uploads\/2026\/05\/seiko1.jpg\",\"contentUrl\":\"https:\/\/hasznalt-ora.hu\/wp-content\/uploads\/2026\/05\/seiko1.jpg\",\"width\":1532,\"height\":2047},{\"@type\":\"BreadcrumbList\",\"@id\":\"https:\/\/hasznalt-ora.hu\/hirdetes\/a-90-es-evek-eleganciaja-japan-seiko-arany-karora-1996-augusztusabol\/#breadcrumb\",\"itemListElement\":[{\"@type\":\"ListItem\",\"position\":1,\"name\":\"Kezd\u0151lap\",\"item\":\"https:\/\/hasznalt-ora.hu\/\"},{\"@type\":\"ListItem\",\"position\":2,\"name\":\"A &#8217;90-es \u00e9vek eleganci\u00e1ja! Jap\u00e1n Seiko &#8220;arany&#8221; kar\u00f3ra 1996. augusztus\u00e1b\u00f3l!\"}]},{\"@type\":\"WebSite\",\"@id\":\"https:\/\/hasznalt-ora.hu\/#website\",\"url\":\"https:\/\/hasznalt-ora.hu\/\",\"name\":\"HASZN\u00c1LT-\u00d3RA.HU\",\"description\":\"A magyar haszn\u00e1lt \u00f3ra piact\u00e9r\",\"publisher\":{\"@id\":\"https:\/\/hasznalt-ora.hu\/#organization\"},\"potentialAction\":[{\"@type\":\"SearchAction\",\"target\":{\"@type\":\"EntryPoint\",\"urlTemplate\":\"https:\/\/hasznalt-ora.hu\/?s={search_term_string}\"},\"query-input\":{\"@type\":\"PropertyValueSpecification\",\"valueRequired\":true,\"valueName\":\"search_term_string\"}}],\"inLanguage\":\"en-US\"},{\"@type\":\"Organization\",\"@id\":\"https:\/\/hasznalt-ora.hu\/#organization\",\"name\":\"HASZN\u00c1LT-\u00d3RA.HU\",\"url\":\"https:\/\/hasznalt-ora.hu\/\",\"logo\":{\"@type\":\"ImageObject\",\"inLanguage\":\"en-US\",\"@id\":\"https:\/\/hasznalt-ora.hu\/#\/schema\/logo\/image\/\",\"url\":\"https:\/\/hasznalt-ora.hu\/wp-content\/uploads\/2021\/07\/hasznalt_ora_k_2-scaled.jpg\",\"contentUrl\":\"https:\/\/hasznalt-ora.hu\/wp-content\/uploads\/2021\/07\/hasznalt_ora_k_2-scaled.jpg\",\"width\":2560,\"height\":1612,\"caption\":\"HASZN\u00c1LT-\u00d3RA.HU\"},\"image\":{\"@id\":\"https:\/\/hasznalt-ora.hu\/#\/schema\/logo\/image\/\"},\"sameAs\":[\"https:\/\/www.facebook.com\/groups\/hasznaltorakpiactere\"]}]}<\/script>\n<!-- \/ Yoast SEO plugin. -->","yoast_head_json":{"title":"A '90-es \u00e9vek eleganci\u00e1ja! Jap\u00e1n Seiko \"arany\" kar\u00f3ra 1996. augusztus\u00e1b\u00f3l! - HASZN\u00c1LT-\u00d3RA.HU","robots":{"index":"index","follow":"follow","max-snippet":"max-snippet:-1","max-image-preview":"max-image-preview:large","max-video-preview":"max-video-preview:-1"},"canonical":"https:\/\/hasznalt-ora.hu\/en\/hirdetes\/a-90-es-evek-eleganciaja-japan-seiko-arany-karora-1996-augusztusabol\/","twitter_misc":{"Est. reading time":"1 minute"},"schema":{"@context":"https:\/\/schema.org","@graph":[{"@type":"WebPage","@id":"https:\/\/hasznalt-ora.hu\/hirdetes\/a-90-es-evek-eleganciaja-japan-seiko-arany-karora-1996-augusztusabol\/","url":"https:\/\/hasznalt-ora.hu\/hirdetes\/a-90-es-evek-eleganciaja-japan-seiko-arany-karora-1996-augusztusabol\/","name":"A '90-es \u00e9vek eleganci\u00e1ja! Jap\u00e1n Seiko \"arany\" kar\u00f3ra 1996. augusztus\u00e1b\u00f3l! - HASZN\u00c1LT-\u00d3RA.HU","isPartOf":{"@id":"https:\/\/hasznalt-ora.hu\/#website"},"primaryImageOfPage":{"@id":"https:\/\/hasznalt-ora.hu\/hirdetes\/a-90-es-evek-eleganciaja-japan-seiko-arany-karora-1996-augusztusabol\/#primaryimage"},"image":{"@id":"https:\/\/hasznalt-ora.hu\/hirdetes\/a-90-es-evek-eleganciaja-japan-seiko-arany-karora-1996-augusztusabol\/#primaryimage"},"thumbnailUrl":"https:\/\/hasznalt-ora.hu\/wp-content\/uploads\/2026\/05\/seiko1.jpg","datePublished":"2026-05-03T10:02:01+00:00","breadcrumb":{"@id":"https:\/\/hasznalt-ora.hu\/hirdetes\/a-90-es-evek-eleganciaja-japan-seiko-arany-karora-1996-augusztusabol\/#breadcrumb"},"inLanguage":"en-US","potentialAction":[{"@type":"ReadAction","target":["https:\/\/hasznalt-ora.hu\/hirdetes\/a-90-es-evek-eleganciaja-japan-seiko-arany-karora-1996-augusztusabol\/"]}]},{"@type":"ImageObject","inLanguage":"en-US","@id":"https:\/\/hasznalt-ora.hu\/hirdetes\/a-90-es-evek-eleganciaja-japan-seiko-arany-karora-1996-augusztusabol\/#primaryimage","url":"https:\/\/hasznalt-ora.hu\/wp-content\/uploads\/2026\/05\/seiko1.jpg","contentUrl":"https:\/\/hasznalt-ora.hu\/wp-content\/uploads\/2026\/05\/seiko1.jpg","width":1532,"height":2047},{"@type":"BreadcrumbList","@id":"https:\/\/hasznalt-ora.hu\/hirdetes\/a-90-es-evek-eleganciaja-japan-seiko-arany-karora-1996-augusztusabol\/#breadcrumb","itemListElement":[{"@type":"ListItem","position":1,"name":"Kezd\u0151lap","item":"https:\/\/hasznalt-ora.hu\/"},{"@type":"ListItem","position":2,"name":"A &#8217;90-es \u00e9vek eleganci\u00e1ja! Jap\u00e1n Seiko &#8220;arany&#8221; kar\u00f3ra 1996. augusztus\u00e1b\u00f3l!"}]},{"@type":"WebSite","@id":"https:\/\/hasznalt-ora.hu\/#website","url":"https:\/\/hasznalt-ora.hu\/","name":"HASZN\u00c1LT-\u00d3RA.HU","description":"A magyar haszn\u00e1lt \u00f3ra piact\u00e9r","publisher":{"@id":"https:\/\/hasznalt-ora.hu\/#organization"},"potentialAction":[{"@type":"SearchAction","target":{"@type":"EntryPoint","urlTemplate":"https:\/\/hasznalt-ora.hu\/?s={search_term_string}"},"query-input":{"@type":"PropertyValueSpecification","valueRequired":true,"valueName":"search_term_string"}}],"inLanguage":"en-US"},{"@type":"Organization","@id":"https:\/\/hasznalt-ora.hu\/#organization","name":"HASZN\u00c1LT-\u00d3RA.HU","url":"https:\/\/hasznalt-ora.hu\/","logo":{"@type":"ImageObject","inLanguage":"en-US","@id":"https:\/\/hasznalt-ora.hu\/#\/schema\/logo\/image\/","url":"https:\/\/hasznalt-ora.hu\/wp-content\/uploads\/2021\/07\/hasznalt_ora_k_2-scaled.jpg","contentUrl":"https:\/\/hasznalt-ora.hu\/wp-content\/uploads\/2021\/07\/hasznalt_ora_k_2-scaled.jpg","width":2560,"height":1612,"caption":"HASZN\u00c1LT-\u00d3RA.HU"},"image":{"@id":"https:\/\/hasznalt-ora.hu\/#\/schema\/logo\/image\/"},"sameAs":["https:\/\/www.facebook.com\/groups\/hasznaltorakpiactere"]}]}},"_links":{"self":[{"href":"https:\/\/hasznalt-ora.hu\/en\/wp-json\/wp\/v2\/advert\/44174","targetHints":{"allow":["GET"]}}],"collection":[{"href":"https:\/\/hasznalt-ora.hu\/en\/wp-json\/wp\/v2\/advert"}],"about":[{"href":"https:\/\/hasznalt-ora.hu\/en\/wp-json\/wp\/v2\/types\/advert"}],"author":[{"embeddable":true,"href":"https:\/\/hasznalt-ora.hu\/en\/wp-json\/wp\/v2\/users\/8511"}],"replies":[{"embeddable":true,"href":"https:\/\/hasznalt-ora.hu\/en\/wp-json\/wp\/v2\/comments?post=44174"}],"wp:featuredmedia":[{"embeddable":true,"href":"https:\/\/hasznalt-ora.hu\/en\/wp-json\/wp\/v2\/media\/44176"}],"wp:attachment":[{"href":"https:\/\/hasznalt-ora.hu\/en\/wp-json\/wp\/v2\/media?parent=44174"}],"wp:term":[{"taxonomy":"advert-category","embeddable":true,"href":"https:\/\/hasznalt-ora.hu\/en\/wp-json\/wp\/v2\/advert-category?post=44174"},{"taxonomy":"advert-location","embeddable":true,"href":"https:\/\/hasznalt-ora.hu\/en\/wp-json\/wp\/v2\/advert-location?post=44174"}],"curies":[{"name":"wp","href":"https:\/\/api.w.org\/{rel}","templated":true}]}}

A &#8217;90-es évek eleganciája! Japán Seiko &#8220;arany&#8221; karóra 1996. augusztusából!

<p><span dir="auto">Ez az óra nem akar többnek látszani, mint ami: egy méltóságteljes veterán. Bár az évek során gyűjtött némi patinát, és az aranyozott felületeken meglátszik az idő múlása, mégis megőrizte eredeti eleganciáját! De ne tévesszen meg a külső! Ez a Seiko nem ment nyugdíjba. Ez a Seiko quartz szerkezet ma is ugyanolyan makacs precizitással teszi a dolgát, mint újkorában. Lehet, hogy nem vadonatúj, de van benne valami, ami az új órákból hiányzik: történelem és tartás. Nem csupán egy dísztárgy, hanem egy megbízható társ, amely stílusosan és pontosan kísér el a mindennapokban. Egy igazi klasszikus, amely még hosszú évekig hűségesen szolgálhat! A korona nélküli átmérő: 34mmx39mm! Ne hagyja ki a lehetőséget! Postázási lehetőségek Foxposttal vagy Magyar Postával 1600Ft. Személyes átvétel Budapesten lehetséges.</span></p>

<p>Ez az óra nem akar többnek látszani, mint ami: egy méltóságteljes veterán. Bár az évek során gyűjtött némi patinát, és az aranyozott felületeken meglátszik az idő múlása, mégis megőrizte eredeti eleganciáját! De ne tévesszen meg a külső! Ez a Seiko nem ment nyugdíjba. Ez a Seiko quartz szerkezet ma is ugyanolyan makacs precizitással teszi a&#8230;</p>

<!-- This site is optimized with the Yoast SEO plugin v26.3 - https://yoast.com/wordpress/plugins/seo/ -->
<title>A &#039;90-es évek eleganciája! Japán Seiko &quot;arany&quot; karóra 1996. augusztusából! - HASZNÁLT-ÓRA.HU</title>
<meta name="robots" content="index, follow, max-snippet:-1, max-image-preview:large, max-video-preview:-1" />
<link rel="canonical" href="https://hasznalt-ora.hu/en/hirdetes/a-90-es-evek-eleganciaja-japan-seiko-arany-karora-1996-augusztusabol/" />
<meta name="twitter:label1" content="Est. reading time" />
	<meta name="twitter:data1" content="1 minute" />
<script type="application/ld+json" class="yoast-schema-graph">{"@context":"https://schema.org","@graph":[{"@type":"WebPage","@id":"https://hasznalt-ora.hu/hirdetes/a-90-es-evek-eleganciaja-japan-seiko-arany-karora-1996-augusztusabol/","url":"https://hasznalt-ora.hu/hirdetes/a-90-es-evek-eleganciaja-japan-seiko-arany-karora-1996-augusztusabol/","name":"A '90-es évek eleganciája! Japán Seiko \"arany\" karóra 1996. augusztusából! - HASZNÁLT-ÓRA.HU","isPartOf":{"@id":"https://hasznalt-ora.hu/#website"},"primaryImageOfPage":{"@id":"https://hasznalt-ora.hu/hirdetes/a-90-es-evek-eleganciaja-japan-seiko-arany-karora-1996-augusztusabol/#primaryimage"},"image":{"@id":"https://hasznalt-ora.hu/hirdetes/a-90-es-evek-eleganciaja-japan-seiko-arany-karora-1996-augusztusabol/#primaryimage"},"thumbnailUrl":"https://hasznalt-ora.hu/wp-content/uploads/2026/05/seiko1.jpg","datePublished":"2026-05-03T10:02:01+00:00","breadcrumb":{"@id":"https://hasznalt-ora.hu/hirdetes/a-90-es-evek-eleganciaja-japan-seiko-arany-karora-1996-augusztusabol/#breadcrumb"},"inLanguage":"en-US","potentialAction":[{"@type":"ReadAction","target":["https://hasznalt-ora.hu/hirdetes/a-90-es-evek-eleganciaja-japan-seiko-arany-karora-1996-augusztusabol/"]}]},{"@type":"ImageObject","inLanguage":"en-US","@id":"https://hasznalt-ora.hu/hirdetes/a-90-es-evek-eleganciaja-japan-seiko-arany-karora-1996-augusztusabol/#primaryimage","url":"https://hasznalt-ora.hu/wp-content/uploads/2026/05/seiko1.jpg","contentUrl":"https://hasznalt-ora.hu/wp-content/uploads/2026/05/seiko1.jpg","width":1532,"height":2047},{"@type":"BreadcrumbList","@id":"https://hasznalt-ora.hu/hirdetes/a-90-es-evek-eleganciaja-japan-seiko-arany-karora-1996-augusztusabol/#breadcrumb","itemListElement":[{"@type":"ListItem","position":1,"name":"Kezdőlap","item":"https://hasznalt-ora.hu/"},{"@type":"ListItem","position":2,"name":"A &#8217;90-es évek eleganciája! Japán Seiko &#8220;arany&#8221; karóra 1996. augusztusából!"}]},{"@type":"WebSite","@id":"https://hasznalt-ora.hu/#website","url":"https://hasznalt-ora.hu/","name":"HASZNÁLT-ÓRA.HU","description":"A magyar használt óra piactér","publisher":{"@id":"https://hasznalt-ora.hu/#organization"},"potentialAction":[{"@type":"SearchAction","target":{"@type":"EntryPoint","urlTemplate":"https://hasznalt-ora.hu/?s={search_term_string}"},"query-input":{"@type":"PropertyValueSpecification","valueRequired":true,"valueName":"search_term_string"}}],"inLanguage":"en-US"},{"@type":"Organization","@id":"https://hasznalt-ora.hu/#organization","name":"HASZNÁLT-ÓRA.HU","url":"https://hasznalt-ora.hu/","logo":{"@type":"ImageObject","inLanguage":"en-US","@id":"https://hasznalt-ora.hu/#/schema/logo/image/","url":"https://hasznalt-ora.hu/wp-content/uploads/2021/07/hasznalt_ora_k_2-scaled.jpg","contentUrl":"https://hasznalt-ora.hu/wp-content/uploads/2021/07/hasznalt_ora_k_2-scaled.jpg","width":2560,"height":1612,"caption":"HASZNÁLT-ÓRA.HU"},"image":{"@id":"https://hasznalt-ora.hu/#/schema/logo/image/"},"sameAs":["https://www.facebook.com/groups/hasznaltorakpiactere"]}]}</script>
<!-- / Yoast SEO plugin. -->

A '90-es évek eleganciája! Japán Seiko "arany" karóra 1996. augusztusából! - HASZNÁLT-ÓRA.HU

Kezdőlap

HASZNÁLT-ÓRA.HU

A magyar használt óra piactér
