{"id":40439,"date":"2026-03-12T19:02:49","date_gmt":"2026-03-12T18:02:49","guid":{"rendered":"https:\/\/hasznalt-ora.hu\/hirdetes\/apple-watch-fekete-bor-oraszij-piros-cernaval\/"},"modified":"2026-03-12T19:02:49","modified_gmt":"2026-03-12T18:02:49","slug":"apple-watch-fekete-bor-oraszij-piros-cernaval","status":"publish","type":"advert","link":"https:\/\/hasznalt-ora.hu\/en\/hirdetes\/apple-watch-fekete-bor-oraszij-piros-cernaval\/","title":{"rendered":"Apple Watch fekete b\u0151r \u00f3rasz\u00edj piros c\u00e9rn\u00e1val"},"content":{"rendered":"<p>Mutasd meg a st\u00edlusod az Apple Watch fekete b\u0151r \u00f3rasz\u00edj\u00e1val, amelyet karakteres, piros varr\u00e1s tesz igaz\u00e1n k\u00fcl\u00f6nlegess\u00e9.<\/p>\n<p>A letisztult fekete diz\u00e1jn t\u00f6k\u00e9letes egyens\u00falyt teremt a klasszikus elegancia \u00e9s a modern lend\u00fclet k\u00f6z\u00f6tt.<\/p>\n<p>\u2714 Kiv\u00e1l\u00f3 min\u0151s\u00e9g\u0171 b\u0151r\u2714 Kontrasztos piros varr\u00e1s \u2013 er\u0151teljes, sportos megjelen\u00e9s\u2714 K\u00e9nyelmes viselet eg\u00e9sz nap\u2714 Prec\u00edz illeszked\u00e9s minden Apple Watch modellhez<\/p>\n<p>V\u00e1laszd a st\u00edlusos hat\u00e1rozotts\u00e1got \u2013 tedd k\u00fcl\u00f6nlegess\u00e9 a mindennapokat egy igaz\u00e1n karakteres kieg\u00e9sz\u00edt\u0151vel!<\/p>\n<p>Egy sz\u00edj \u00e1ra: 3490 Ft<\/p>\n<p>El\u0151re utal\u00e1st k\u00f6vet\u0151en Foxposttal vagy post\u00e1val is tudom k\u00fcldeni.<\/p>\n<p>Aj\u00e1nd\u00e9kdobozzal is megv\u00e1s\u00e1rolhat\u00f3, \u00edgy egy igaz\u00e1n sz\u00e9p \u00e9s eleg\u00e1ns meglepet\u00e9s lehet szinte b\u00e1rmilyen alkalomra. Az aj\u00e1nd\u00e9kdoboz fekete sz\u00edn\u0171 \u00e9s +500 Ft az \u00e1ra.<\/p>\n<p>Err\u0151l a sz\u00edjr\u00f3l b\u0151vebben:<\/p>\n<div class=\"video-container\">\n<blockquote class=\"wp-embedded-content\" data-secret=\"HKpFQ7e1z2\"><p><a href=\"https:\/\/happywatch.hu\/termek\/apple-watch-oraszij-piros-cernaval\/\">Apple Watch sz\u00edj piros c\u00e9rn\u00e1val<\/a><\/p><\/blockquote>\n<p><iframe class=\"wp-embedded-content\" sandbox=\"allow-scripts\" security=\"restricted\" style=\"position: absolute; visibility: hidden;\" title=\"&#8220;Apple Watch sz\u00edj piros c\u00e9rn\u00e1val&#8221; &#8212; HappyWatch.hu\" src=\"https:\/\/happywatch.hu\/termek\/apple-watch-oraszij-piros-cernaval\/embed\/#?secret=ZCmJQ7KwmQ#?secret=HKpFQ7e1z2\" data-secret=\"HKpFQ7e1z2\" width=\"600\" height=\"338\" frameborder=\"0\" marginwidth=\"0\" marginheight=\"0\" scrolling=\"no\"><\/iframe><\/div><\/p>","protected":false},"excerpt":{"rendered":"<p>Mutasd meg a st\u00edlusod az Apple Watch fekete b\u0151r \u00f3rasz\u00edj\u00e1val, amelyet karakteres, piros varr\u00e1s tesz igaz\u00e1n k\u00fcl\u00f6nlegess\u00e9. A letisztult fekete diz\u00e1jn t\u00f6k\u00e9letes egyens\u00falyt teremt a klasszikus elegancia \u00e9s a modern lend\u00fclet k\u00f6z\u00f6tt. \u2714 Kiv\u00e1l\u00f3 min\u0151s\u00e9g\u0171 b\u0151r\u2714 Kontrasztos piros varr\u00e1s \u2013 er\u0151teljes, sportos megjelen\u00e9s\u2714 K\u00e9nyelmes viselet eg\u00e9sz nap\u2714 Prec\u00edz illeszked\u00e9s minden Apple Watch modellhez V\u00e1laszd a&#8230;<\/p>","protected":false},"author":7929,"featured_media":40441,"comment_status":"closed","ping_status":"closed","template":"","advert-category":[3920,4011],"advert-location":[200,2844],"class_list":["post-40439","advert","type-advert","status-publish","has-post-thumbnail","hentry","advert-category-ora-kiegeszito","advert-category-oraszijak-karkotok-tartozekok","advert-location-pest-varmegye","advert-location-szigethalom","fizetesi-mod-atutalas","fizetesi-mod-barion-utalas","fizetesi-mod-keszpenz","fizetesi-mod-revolut-utalas","szallitasi-mod-foxpost","szallitasi-mod-futarszolgalat","szallitasi-mod-packeta","szallitasi-mod-posta","szallitasi-mod-szemelyes-atvetel"],"yoast_head":"<!-- This site is optimized with the Yoast SEO plugin v26.3 - https:\/\/yoast.com\/wordpress\/plugins\/seo\/ -->\n<title>Apple Watch fekete b\u0151r \u00f3rasz\u00edj piros c\u00e9rn\u00e1val - HASZN\u00c1LT-\u00d3RA.HU<\/title>\n<meta name=\"robots\" content=\"index, follow, max-snippet:-1, max-image-preview:large, max-video-preview:-1\" \/>\n<link rel=\"canonical\" href=\"https:\/\/hasznalt-ora.hu\/en\/hirdetes\/apple-watch-fekete-bor-oraszij-piros-cernaval\/\" \/>\n<meta name=\"twitter:label1\" content=\"Est. reading time\" \/>\n\t<meta name=\"twitter:data1\" content=\"1 minute\" \/>\n<script type=\"application\/ld+json\" class=\"yoast-schema-graph\">{\"@context\":\"https:\/\/schema.org\",\"@graph\":[{\"@type\":\"WebPage\",\"@id\":\"https:\/\/hasznalt-ora.hu\/hirdetes\/apple-watch-fekete-bor-oraszij-piros-cernaval\/\",\"url\":\"https:\/\/hasznalt-ora.hu\/hirdetes\/apple-watch-fekete-bor-oraszij-piros-cernaval\/\",\"name\":\"Apple Watch fekete b\u0151r \u00f3rasz\u00edj piros c\u00e9rn\u00e1val - HASZN\u00c1LT-\u00d3RA.HU\",\"isPartOf\":{\"@id\":\"https:\/\/hasznalt-ora.hu\/#website\"},\"primaryImageOfPage\":{\"@id\":\"https:\/\/hasznalt-ora.hu\/hirdetes\/apple-watch-fekete-bor-oraszij-piros-cernaval\/#primaryimage\"},\"image\":{\"@id\":\"https:\/\/hasznalt-ora.hu\/hirdetes\/apple-watch-fekete-bor-oraszij-piros-cernaval\/#primaryimage\"},\"thumbnailUrl\":\"https:\/\/hasznalt-ora.hu\/wp-content\/uploads\/2025\/11\/IMG_3025-scaled.jpg\",\"datePublished\":\"2026-03-12T18:02:49+00:00\",\"breadcrumb\":{\"@id\":\"https:\/\/hasznalt-ora.hu\/hirdetes\/apple-watch-fekete-bor-oraszij-piros-cernaval\/#breadcrumb\"},\"inLanguage\":\"en-US\",\"potentialAction\":[{\"@type\":\"ReadAction\",\"target\":[\"https:\/\/hasznalt-ora.hu\/hirdetes\/apple-watch-fekete-bor-oraszij-piros-cernaval\/\"]}]},{\"@type\":\"ImageObject\",\"inLanguage\":\"en-US\",\"@id\":\"https:\/\/hasznalt-ora.hu\/hirdetes\/apple-watch-fekete-bor-oraszij-piros-cernaval\/#primaryimage\",\"url\":\"https:\/\/hasznalt-ora.hu\/wp-content\/uploads\/2025\/11\/IMG_3025-scaled.jpg\",\"contentUrl\":\"https:\/\/hasznalt-ora.hu\/wp-content\/uploads\/2025\/11\/IMG_3025-scaled.jpg\",\"width\":2560,\"height\":1920},{\"@type\":\"BreadcrumbList\",\"@id\":\"https:\/\/hasznalt-ora.hu\/hirdetes\/apple-watch-fekete-bor-oraszij-piros-cernaval\/#breadcrumb\",\"itemListElement\":[{\"@type\":\"ListItem\",\"position\":1,\"name\":\"Kezd\u0151lap\",\"item\":\"https:\/\/hasznalt-ora.hu\/\"},{\"@type\":\"ListItem\",\"position\":2,\"name\":\"Apple Watch fekete b\u0151r \u00f3rasz\u00edj piros c\u00e9rn\u00e1val\"}]},{\"@type\":\"WebSite\",\"@id\":\"https:\/\/hasznalt-ora.hu\/#website\",\"url\":\"https:\/\/hasznalt-ora.hu\/\",\"name\":\"HASZN\u00c1LT-\u00d3RA.HU\",\"description\":\"A magyar haszn\u00e1lt \u00f3ra piact\u00e9r\",\"publisher\":{\"@id\":\"https:\/\/hasznalt-ora.hu\/#organization\"},\"potentialAction\":[{\"@type\":\"SearchAction\",\"target\":{\"@type\":\"EntryPoint\",\"urlTemplate\":\"https:\/\/hasznalt-ora.hu\/?s={search_term_string}\"},\"query-input\":{\"@type\":\"PropertyValueSpecification\",\"valueRequired\":true,\"valueName\":\"search_term_string\"}}],\"inLanguage\":\"en-US\"},{\"@type\":\"Organization\",\"@id\":\"https:\/\/hasznalt-ora.hu\/#organization\",\"name\":\"HASZN\u00c1LT-\u00d3RA.HU\",\"url\":\"https:\/\/hasznalt-ora.hu\/\",\"logo\":{\"@type\":\"ImageObject\",\"inLanguage\":\"en-US\",\"@id\":\"https:\/\/hasznalt-ora.hu\/#\/schema\/logo\/image\/\",\"url\":\"https:\/\/hasznalt-ora.hu\/wp-content\/uploads\/2021\/07\/hasznalt_ora_k_2-scaled.jpg\",\"contentUrl\":\"https:\/\/hasznalt-ora.hu\/wp-content\/uploads\/2021\/07\/hasznalt_ora_k_2-scaled.jpg\",\"width\":2560,\"height\":1612,\"caption\":\"HASZN\u00c1LT-\u00d3RA.HU\"},\"image\":{\"@id\":\"https:\/\/hasznalt-ora.hu\/#\/schema\/logo\/image\/\"},\"sameAs\":[\"https:\/\/www.facebook.com\/groups\/hasznaltorakpiactere\"]}]}<\/script>\n<!-- \/ Yoast SEO plugin. -->","yoast_head_json":{"title":"Apple Watch fekete b\u0151r \u00f3rasz\u00edj piros c\u00e9rn\u00e1val - HASZN\u00c1LT-\u00d3RA.HU","robots":{"index":"index","follow":"follow","max-snippet":"max-snippet:-1","max-image-preview":"max-image-preview:large","max-video-preview":"max-video-preview:-1"},"canonical":"https:\/\/hasznalt-ora.hu\/en\/hirdetes\/apple-watch-fekete-bor-oraszij-piros-cernaval\/","twitter_misc":{"Est. reading time":"1 minute"},"schema":{"@context":"https:\/\/schema.org","@graph":[{"@type":"WebPage","@id":"https:\/\/hasznalt-ora.hu\/hirdetes\/apple-watch-fekete-bor-oraszij-piros-cernaval\/","url":"https:\/\/hasznalt-ora.hu\/hirdetes\/apple-watch-fekete-bor-oraszij-piros-cernaval\/","name":"Apple Watch fekete b\u0151r \u00f3rasz\u00edj piros c\u00e9rn\u00e1val - HASZN\u00c1LT-\u00d3RA.HU","isPartOf":{"@id":"https:\/\/hasznalt-ora.hu\/#website"},"primaryImageOfPage":{"@id":"https:\/\/hasznalt-ora.hu\/hirdetes\/apple-watch-fekete-bor-oraszij-piros-cernaval\/#primaryimage"},"image":{"@id":"https:\/\/hasznalt-ora.hu\/hirdetes\/apple-watch-fekete-bor-oraszij-piros-cernaval\/#primaryimage"},"thumbnailUrl":"https:\/\/hasznalt-ora.hu\/wp-content\/uploads\/2025\/11\/IMG_3025-scaled.jpg","datePublished":"2026-03-12T18:02:49+00:00","breadcrumb":{"@id":"https:\/\/hasznalt-ora.hu\/hirdetes\/apple-watch-fekete-bor-oraszij-piros-cernaval\/#breadcrumb"},"inLanguage":"en-US","potentialAction":[{"@type":"ReadAction","target":["https:\/\/hasznalt-ora.hu\/hirdetes\/apple-watch-fekete-bor-oraszij-piros-cernaval\/"]}]},{"@type":"ImageObject","inLanguage":"en-US","@id":"https:\/\/hasznalt-ora.hu\/hirdetes\/apple-watch-fekete-bor-oraszij-piros-cernaval\/#primaryimage","url":"https:\/\/hasznalt-ora.hu\/wp-content\/uploads\/2025\/11\/IMG_3025-scaled.jpg","contentUrl":"https:\/\/hasznalt-ora.hu\/wp-content\/uploads\/2025\/11\/IMG_3025-scaled.jpg","width":2560,"height":1920},{"@type":"BreadcrumbList","@id":"https:\/\/hasznalt-ora.hu\/hirdetes\/apple-watch-fekete-bor-oraszij-piros-cernaval\/#breadcrumb","itemListElement":[{"@type":"ListItem","position":1,"name":"Kezd\u0151lap","item":"https:\/\/hasznalt-ora.hu\/"},{"@type":"ListItem","position":2,"name":"Apple Watch fekete b\u0151r \u00f3rasz\u00edj piros c\u00e9rn\u00e1val"}]},{"@type":"WebSite","@id":"https:\/\/hasznalt-ora.hu\/#website","url":"https:\/\/hasznalt-ora.hu\/","name":"HASZN\u00c1LT-\u00d3RA.HU","description":"A magyar haszn\u00e1lt \u00f3ra piact\u00e9r","publisher":{"@id":"https:\/\/hasznalt-ora.hu\/#organization"},"potentialAction":[{"@type":"SearchAction","target":{"@type":"EntryPoint","urlTemplate":"https:\/\/hasznalt-ora.hu\/?s={search_term_string}"},"query-input":{"@type":"PropertyValueSpecification","valueRequired":true,"valueName":"search_term_string"}}],"inLanguage":"en-US"},{"@type":"Organization","@id":"https:\/\/hasznalt-ora.hu\/#organization","name":"HASZN\u00c1LT-\u00d3RA.HU","url":"https:\/\/hasznalt-ora.hu\/","logo":{"@type":"ImageObject","inLanguage":"en-US","@id":"https:\/\/hasznalt-ora.hu\/#\/schema\/logo\/image\/","url":"https:\/\/hasznalt-ora.hu\/wp-content\/uploads\/2021\/07\/hasznalt_ora_k_2-scaled.jpg","contentUrl":"https:\/\/hasznalt-ora.hu\/wp-content\/uploads\/2021\/07\/hasznalt_ora_k_2-scaled.jpg","width":2560,"height":1612,"caption":"HASZN\u00c1LT-\u00d3RA.HU"},"image":{"@id":"https:\/\/hasznalt-ora.hu\/#\/schema\/logo\/image\/"},"sameAs":["https:\/\/www.facebook.com\/groups\/hasznaltorakpiactere"]}]}},"_links":{"self":[{"href":"https:\/\/hasznalt-ora.hu\/en\/wp-json\/wp\/v2\/advert\/40439","targetHints":{"allow":["GET"]}}],"collection":[{"href":"https:\/\/hasznalt-ora.hu\/en\/wp-json\/wp\/v2\/advert"}],"about":[{"href":"https:\/\/hasznalt-ora.hu\/en\/wp-json\/wp\/v2\/types\/advert"}],"author":[{"embeddable":true,"href":"https:\/\/hasznalt-ora.hu\/en\/wp-json\/wp\/v2\/users\/7929"}],"replies":[{"embeddable":true,"href":"https:\/\/hasznalt-ora.hu\/en\/wp-json\/wp\/v2\/comments?post=40439"}],"wp:featuredmedia":[{"embeddable":true,"href":"https:\/\/hasznalt-ora.hu\/en\/wp-json\/wp\/v2\/media\/40441"}],"wp:attachment":[{"href":"https:\/\/hasznalt-ora.hu\/en\/wp-json\/wp\/v2\/media?parent=40439"}],"wp:term":[{"taxonomy":"advert-category","embeddable":true,"href":"https:\/\/hasznalt-ora.hu\/en\/wp-json\/wp\/v2\/advert-category?post=40439"},{"taxonomy":"advert-location","embeddable":true,"href":"https:\/\/hasznalt-ora.hu\/en\/wp-json\/wp\/v2\/advert-location?post=40439"}],"curies":[{"name":"wp","href":"https:\/\/api.w.org\/{rel}","templated":true}]}}

Apple Watch fekete bőr óraszíj piros cérnával

<p>Mutasd meg a stílusod az Apple Watch fekete bőr óraszíjával, amelyet karakteres, piros varrás tesz igazán különlegessé.</p>
<p>A letisztult fekete dizájn tökéletes egyensúlyt teremt a klasszikus elegancia és a modern lendület között.</p>
<p>✔ Kiváló minőségű bőr✔ Kontrasztos piros varrás – erőteljes, sportos megjelenés✔ Kényelmes viselet egész nap✔ Precíz illeszkedés minden Apple Watch modellhez</p>
<p>Válaszd a stílusos határozottságot – tedd különlegessé a mindennapokat egy igazán karakteres kiegészítővel!</p>
<p>Egy szíj ára: 3490 Ft</p>
<p>Előre utalást követően Foxposttal vagy postával is tudom küldeni.</p>
<p>Ajándékdobozzal is megvásárolható, így egy igazán szép és elegáns meglepetés lehet szinte bármilyen alkalomra. Az ajándékdoboz fekete színű és +500 Ft az ára.</p>
<p>Erről a szíjról bővebben:</p>
<div class="video-container">
<blockquote class="wp-embedded-content" data-secret="HKpFQ7e1z2"><p><a href="https://happywatch.hu/termek/apple-watch-oraszij-piros-cernaval/">Apple Watch szíj piros cérnával</a></p></blockquote>
<p><iframe class="wp-embedded-content" sandbox="allow-scripts" security="restricted" style="position: absolute; visibility: hidden;" title="&#8220;Apple Watch szíj piros cérnával&#8221; &#8212; HappyWatch.hu" src="https://happywatch.hu/termek/apple-watch-oraszij-piros-cernaval/embed/#?secret=ZCmJQ7KwmQ#?secret=HKpFQ7e1z2" data-secret="HKpFQ7e1z2" width="600" height="338" frameborder="0" marginwidth="0" marginheight="0" scrolling="no"></iframe></div></p>

<p>Mutasd meg a stílusod az Apple Watch fekete bőr óraszíjával, amelyet karakteres, piros varrás tesz igazán különlegessé. A letisztult fekete dizájn tökéletes egyensúlyt teremt a klasszikus elegancia és a modern lendület között. ✔ Kiváló minőségű bőr✔ Kontrasztos piros varrás – erőteljes, sportos megjelenés✔ Kényelmes viselet egész nap✔ Precíz illeszkedés minden Apple Watch modellhez Válaszd a&#8230;</p>

<!-- This site is optimized with the Yoast SEO plugin v26.3 - https://yoast.com/wordpress/plugins/seo/ -->
<title>Apple Watch fekete bőr óraszíj piros cérnával - HASZNÁLT-ÓRA.HU</title>
<meta name="robots" content="index, follow, max-snippet:-1, max-image-preview:large, max-video-preview:-1" />
<link rel="canonical" href="https://hasznalt-ora.hu/en/hirdetes/apple-watch-fekete-bor-oraszij-piros-cernaval/" />
<meta name="twitter:label1" content="Est. reading time" />
	<meta name="twitter:data1" content="1 minute" />
<script type="application/ld+json" class="yoast-schema-graph">{"@context":"https://schema.org","@graph":[{"@type":"WebPage","@id":"https://hasznalt-ora.hu/hirdetes/apple-watch-fekete-bor-oraszij-piros-cernaval/","url":"https://hasznalt-ora.hu/hirdetes/apple-watch-fekete-bor-oraszij-piros-cernaval/","name":"Apple Watch fekete bőr óraszíj piros cérnával - HASZNÁLT-ÓRA.HU","isPartOf":{"@id":"https://hasznalt-ora.hu/#website"},"primaryImageOfPage":{"@id":"https://hasznalt-ora.hu/hirdetes/apple-watch-fekete-bor-oraszij-piros-cernaval/#primaryimage"},"image":{"@id":"https://hasznalt-ora.hu/hirdetes/apple-watch-fekete-bor-oraszij-piros-cernaval/#primaryimage"},"thumbnailUrl":"https://hasznalt-ora.hu/wp-content/uploads/2025/11/IMG_3025-scaled.jpg","datePublished":"2026-03-12T18:02:49+00:00","breadcrumb":{"@id":"https://hasznalt-ora.hu/hirdetes/apple-watch-fekete-bor-oraszij-piros-cernaval/#breadcrumb"},"inLanguage":"en-US","potentialAction":[{"@type":"ReadAction","target":["https://hasznalt-ora.hu/hirdetes/apple-watch-fekete-bor-oraszij-piros-cernaval/"]}]},{"@type":"ImageObject","inLanguage":"en-US","@id":"https://hasznalt-ora.hu/hirdetes/apple-watch-fekete-bor-oraszij-piros-cernaval/#primaryimage","url":"https://hasznalt-ora.hu/wp-content/uploads/2025/11/IMG_3025-scaled.jpg","contentUrl":"https://hasznalt-ora.hu/wp-content/uploads/2025/11/IMG_3025-scaled.jpg","width":2560,"height":1920},{"@type":"BreadcrumbList","@id":"https://hasznalt-ora.hu/hirdetes/apple-watch-fekete-bor-oraszij-piros-cernaval/#breadcrumb","itemListElement":[{"@type":"ListItem","position":1,"name":"Kezdőlap","item":"https://hasznalt-ora.hu/"},{"@type":"ListItem","position":2,"name":"Apple Watch fekete bőr óraszíj piros cérnával"}]},{"@type":"WebSite","@id":"https://hasznalt-ora.hu/#website","url":"https://hasznalt-ora.hu/","name":"HASZNÁLT-ÓRA.HU","description":"A magyar használt óra piactér","publisher":{"@id":"https://hasznalt-ora.hu/#organization"},"potentialAction":[{"@type":"SearchAction","target":{"@type":"EntryPoint","urlTemplate":"https://hasznalt-ora.hu/?s={search_term_string}"},"query-input":{"@type":"PropertyValueSpecification","valueRequired":true,"valueName":"search_term_string"}}],"inLanguage":"en-US"},{"@type":"Organization","@id":"https://hasznalt-ora.hu/#organization","name":"HASZNÁLT-ÓRA.HU","url":"https://hasznalt-ora.hu/","logo":{"@type":"ImageObject","inLanguage":"en-US","@id":"https://hasznalt-ora.hu/#/schema/logo/image/","url":"https://hasznalt-ora.hu/wp-content/uploads/2021/07/hasznalt_ora_k_2-scaled.jpg","contentUrl":"https://hasznalt-ora.hu/wp-content/uploads/2021/07/hasznalt_ora_k_2-scaled.jpg","width":2560,"height":1612,"caption":"HASZNÁLT-ÓRA.HU"},"image":{"@id":"https://hasznalt-ora.hu/#/schema/logo/image/"},"sameAs":["https://www.facebook.com/groups/hasznaltorakpiactere"]}]}</script>
<!-- / Yoast SEO plugin. -->

Apple Watch fekete bőr óraszíj piros cérnával - HASZNÁLT-ÓRA.HU

Kezdőlap

HASZNÁLT-ÓRA.HU

A magyar használt óra piactér
