{"id":40369,"date":"2025-11-26T23:40:17","date_gmt":"2025-11-26T22:40:17","guid":{"rendered":"https:\/\/hasznalt-ora.hu\/hirdetes\/seiko-ferfi-karora\/"},"modified":"2025-11-26T23:40:17","modified_gmt":"2025-11-26T22:40:17","slug":"seiko-ferfi-karora","status":"publish","type":"advert","link":"https:\/\/hasznalt-ora.hu\/en\/hirdetes\/seiko-ferfi-karora\/","title":{"rendered":"Seiko f\u00e9rfi kar\u00f3ra"},"content":{"rendered":"<p>Vadonat\u00faj. Seiko Sur399P1 f\u00e9rfi kar\u00f3ra garanci\u00e1val doboz\u00e1ban. Szem\u00e9lyesen Sz\u00e9kesfeh\u00e9rv\u00e1ron vehet\u0151 \u00e1t vagy el\u0151re utal\u00e1s ut\u00e1n tudom k\u00fcldeni.<\/p>\n<p>\u00a0<\/p>\n<p>A <strong>Seiko SUR399P1<\/strong> a jap\u00e1n Seiko azon modellje, amely t\u00f6k\u00e9letesen \u00f6tv\u00f6zi az id\u0151tlen eleganci\u00e1t a kifinomult technol\u00f3gi\u00e1val. \u00a0A <strong>k\u00e9k sz\u00e1mlap<\/strong>m\u00e9ly t\u00f3nusa \u00e9s a <strong>nemesac\u00e9l tok \u00e9s sz\u00edj<\/strong> h\u0171v\u00f6s f\u00e9nye modern, m\u00e9gis klasszikus megjelen\u00e9st teremt. \u00a0A letisztult indexek \u00e9s az <strong>ez\u00fcst mutat\u00f3k<\/strong>harmonikus \u00f6sszhangot alkotnak, biztos\u00edtva a t\u00f6k\u00e9letes leolvashat\u00f3s\u00e1got.A modell lelke a megb\u00edzhat\u00f3 <strong>Seiko 6N52 kvarc szerkezet<\/strong>, \u00a0amely pontos \u00e9s karbantart\u00e1smentes m\u0171k\u00f6d\u00e9st garant\u00e1l. \u00a0A <strong>Hardlex krist\u00e1ly\u00fcveg<\/strong> nagyfok\u00fa karc\u00e1ll\u00f3s\u00e1got biztos\u00edt, \u00a0a <strong>50 m\u00e9teres v\u00edz\u00e1ll\u00f3s\u00e1g<\/strong> pedig gondoskodik arr\u00f3l, \u00a0hogy az \u00f3ra a mindennapi haszn\u00e1lat sor\u00e1n is meg\u0151rizze megb\u00edzhat\u00f3s\u00e1g\u00e1t. \u00a0A <strong>8,3 mm v\u00e9kony tok<\/strong> k\u00e9nyelmes viseletet biztos\u00edt, amely diszkr\u00e9ten simul a csukl\u00f3ra.<\/p>\n<p>Mi\u00e9rt k\u00fcl\u00f6nleges a Seiko SUR399P1?\u00a0<\/p>\n<ul>\n<li><strong>Jap\u00e1n Seiko 6N52 kvarc szerkezet<\/strong> \u2013 prec\u00edz \u00e9s megb\u00edzhat\u00f3 m\u0171k\u00f6d\u00e9s<\/li>\n<li><strong>K\u00e9k sz\u00e1mlap<\/strong> \u2013 klasszikus, eleg\u00e1ns megjelen\u00e9s<\/li>\n<li><strong>Nemesc\u00e9l tok \u00e9s sz\u00edj<\/strong> \u2013 tart\u00f3s, id\u0151t\u00e1ll\u00f3 anyaghaszn\u00e1lat<\/li>\n<li><strong>Hardlex \u00fcveg<\/strong> \u2013 karc\u00e1ll\u00f3, strapab\u00edr\u00f3 krist\u00e1ly<\/li>\n<li><strong>50 M v\u00edz\u00e1ll\u00f3s\u00e1g<\/strong> \u2013 biztons\u00e1gos mindennapi viselethez<\/li>\n<li><strong>V\u00e9kony tok (8,3 mm)<\/strong> \u2013 eleg\u00e1ns \u00e9s k\u00e9nyelmes profil<\/li>\n<\/ul>\n<p>A <strong>Seiko SUR399P1<\/strong> a jap\u00e1n \u00f3ragy\u00e1rt\u00e1s megb\u00edzhat\u00f3s\u00e1g\u00e1t \u00e9s letisztult eszt\u00e9tik\u00e1j\u00e1t testes\u00edti meg. \u00a0Egy eleg\u00e1ns, m\u00e9gis mindennap hordhat\u00f3 modell, amely t\u00f6k\u00e9letesen illik az \u00fczleti \u00e9s h\u00e9tk\u00f6znapi megjelen\u00e9shez is.<\/p>","protected":false},"excerpt":{"rendered":"<p>Vadonat\u00faj. Seiko Sur399P1 f\u00e9rfi kar\u00f3ra garanci\u00e1val doboz\u00e1ban. Szem\u00e9lyesen Sz\u00e9kesfeh\u00e9rv\u00e1ron vehet\u0151 \u00e1t vagy el\u0151re utal\u00e1s ut\u00e1n tudom k\u00fcldeni. \u00a0 A Seiko SUR399P1 a jap\u00e1n Seiko azon modellje, amely t\u00f6k\u00e9letesen \u00f6tv\u00f6zi az id\u0151tlen eleganci\u00e1t a kifinomult technol\u00f3gi\u00e1val. \u00a0A k\u00e9k sz\u00e1mlapm\u00e9ly t\u00f3nusa \u00e9s a nemesac\u00e9l tok \u00e9s sz\u00edj h\u0171v\u00f6s f\u00e9nye modern, m\u00e9gis klasszikus megjelen\u00e9st teremt. \u00a0A letisztult indexek&#8230;<\/p>","protected":false},"author":8429,"featured_media":40370,"comment_status":"closed","ping_status":"closed","template":"","advert-category":[3914,3770],"advert-location":[182,2788],"class_list":["post-40369","advert","type-advert","status-publish","has-post-thumbnail","hentry","advert-category-karora","advert-category-seiko","advert-location-fejer-varmegye","advert-location-szekesfehervar","fizetesi-mod-atutalas","fizetesi-mod-keszpenz","garancia-4132","limitalt-szeria-nem","seiko-modell-sur399p1","mukodese-kvarc","nem-ferfi","oratok-atmeroje-4037","stilus-hetkoznapi","szallitasi-mod-foxpost","szallitasi-mod-futarszolgalat","szallitasi-mod-packeta","szallitasi-mod-posta","szallitasi-mod-szemelyes-atvetel","szamlap-tipusa-analog","szij-fajtaja-nemesacel","vizallosag-50-meter-5-bar-5atm"],"yoast_head":"<!-- This site is optimized with the Yoast SEO plugin v26.3 - https:\/\/yoast.com\/wordpress\/plugins\/seo\/ -->\n<title>Seiko f\u00e9rfi kar\u00f3ra - HASZN\u00c1LT-\u00d3RA.HU<\/title>\n<meta name=\"robots\" content=\"index, follow, max-snippet:-1, max-image-preview:large, max-video-preview:-1\" \/>\n<link rel=\"canonical\" href=\"https:\/\/hasznalt-ora.hu\/en\/hirdetes\/seiko-ferfi-karora\/\" \/>\n<meta name=\"twitter:label1\" content=\"Est. reading time\" \/>\n\t<meta name=\"twitter:data1\" content=\"1 minute\" \/>\n<script type=\"application\/ld+json\" class=\"yoast-schema-graph\">{\"@context\":\"https:\/\/schema.org\",\"@graph\":[{\"@type\":\"WebPage\",\"@id\":\"https:\/\/hasznalt-ora.hu\/hirdetes\/seiko-ferfi-karora\/\",\"url\":\"https:\/\/hasznalt-ora.hu\/hirdetes\/seiko-ferfi-karora\/\",\"name\":\"Seiko f\u00e9rfi kar\u00f3ra - HASZN\u00c1LT-\u00d3RA.HU\",\"isPartOf\":{\"@id\":\"https:\/\/hasznalt-ora.hu\/#website\"},\"primaryImageOfPage\":{\"@id\":\"https:\/\/hasznalt-ora.hu\/hirdetes\/seiko-ferfi-karora\/#primaryimage\"},\"image\":{\"@id\":\"https:\/\/hasznalt-ora.hu\/hirdetes\/seiko-ferfi-karora\/#primaryimage\"},\"thumbnailUrl\":\"https:\/\/hasznalt-ora.hu\/wp-content\/uploads\/2025\/11\/IMG_5457-1-scaled.jpeg\",\"datePublished\":\"2025-11-26T22:40:17+00:00\",\"breadcrumb\":{\"@id\":\"https:\/\/hasznalt-ora.hu\/hirdetes\/seiko-ferfi-karora\/#breadcrumb\"},\"inLanguage\":\"en-US\",\"potentialAction\":[{\"@type\":\"ReadAction\",\"target\":[\"https:\/\/hasznalt-ora.hu\/hirdetes\/seiko-ferfi-karora\/\"]}]},{\"@type\":\"ImageObject\",\"inLanguage\":\"en-US\",\"@id\":\"https:\/\/hasznalt-ora.hu\/hirdetes\/seiko-ferfi-karora\/#primaryimage\",\"url\":\"https:\/\/hasznalt-ora.hu\/wp-content\/uploads\/2025\/11\/IMG_5457-1-scaled.jpeg\",\"contentUrl\":\"https:\/\/hasznalt-ora.hu\/wp-content\/uploads\/2025\/11\/IMG_5457-1-scaled.jpeg\",\"width\":1900,\"height\":2560},{\"@type\":\"BreadcrumbList\",\"@id\":\"https:\/\/hasznalt-ora.hu\/hirdetes\/seiko-ferfi-karora\/#breadcrumb\",\"itemListElement\":[{\"@type\":\"ListItem\",\"position\":1,\"name\":\"Kezd\u0151lap\",\"item\":\"https:\/\/hasznalt-ora.hu\/\"},{\"@type\":\"ListItem\",\"position\":2,\"name\":\"Seiko f\u00e9rfi kar\u00f3ra\"}]},{\"@type\":\"WebSite\",\"@id\":\"https:\/\/hasznalt-ora.hu\/#website\",\"url\":\"https:\/\/hasznalt-ora.hu\/\",\"name\":\"HASZN\u00c1LT-\u00d3RA.HU\",\"description\":\"A magyar haszn\u00e1lt \u00f3ra piact\u00e9r\",\"publisher\":{\"@id\":\"https:\/\/hasznalt-ora.hu\/#organization\"},\"potentialAction\":[{\"@type\":\"SearchAction\",\"target\":{\"@type\":\"EntryPoint\",\"urlTemplate\":\"https:\/\/hasznalt-ora.hu\/?s={search_term_string}\"},\"query-input\":{\"@type\":\"PropertyValueSpecification\",\"valueRequired\":true,\"valueName\":\"search_term_string\"}}],\"inLanguage\":\"en-US\"},{\"@type\":\"Organization\",\"@id\":\"https:\/\/hasznalt-ora.hu\/#organization\",\"name\":\"HASZN\u00c1LT-\u00d3RA.HU\",\"url\":\"https:\/\/hasznalt-ora.hu\/\",\"logo\":{\"@type\":\"ImageObject\",\"inLanguage\":\"en-US\",\"@id\":\"https:\/\/hasznalt-ora.hu\/#\/schema\/logo\/image\/\",\"url\":\"https:\/\/hasznalt-ora.hu\/wp-content\/uploads\/2021\/07\/hasznalt_ora_k_2-scaled.jpg\",\"contentUrl\":\"https:\/\/hasznalt-ora.hu\/wp-content\/uploads\/2021\/07\/hasznalt_ora_k_2-scaled.jpg\",\"width\":2560,\"height\":1612,\"caption\":\"HASZN\u00c1LT-\u00d3RA.HU\"},\"image\":{\"@id\":\"https:\/\/hasznalt-ora.hu\/#\/schema\/logo\/image\/\"},\"sameAs\":[\"https:\/\/www.facebook.com\/groups\/hasznaltorakpiactere\"]}]}<\/script>\n<!-- \/ Yoast SEO plugin. -->","yoast_head_json":{"title":"Seiko f\u00e9rfi kar\u00f3ra - HASZN\u00c1LT-\u00d3RA.HU","robots":{"index":"index","follow":"follow","max-snippet":"max-snippet:-1","max-image-preview":"max-image-preview:large","max-video-preview":"max-video-preview:-1"},"canonical":"https:\/\/hasznalt-ora.hu\/en\/hirdetes\/seiko-ferfi-karora\/","twitter_misc":{"Est. reading time":"1 minute"},"schema":{"@context":"https:\/\/schema.org","@graph":[{"@type":"WebPage","@id":"https:\/\/hasznalt-ora.hu\/hirdetes\/seiko-ferfi-karora\/","url":"https:\/\/hasznalt-ora.hu\/hirdetes\/seiko-ferfi-karora\/","name":"Seiko f\u00e9rfi kar\u00f3ra - HASZN\u00c1LT-\u00d3RA.HU","isPartOf":{"@id":"https:\/\/hasznalt-ora.hu\/#website"},"primaryImageOfPage":{"@id":"https:\/\/hasznalt-ora.hu\/hirdetes\/seiko-ferfi-karora\/#primaryimage"},"image":{"@id":"https:\/\/hasznalt-ora.hu\/hirdetes\/seiko-ferfi-karora\/#primaryimage"},"thumbnailUrl":"https:\/\/hasznalt-ora.hu\/wp-content\/uploads\/2025\/11\/IMG_5457-1-scaled.jpeg","datePublished":"2025-11-26T22:40:17+00:00","breadcrumb":{"@id":"https:\/\/hasznalt-ora.hu\/hirdetes\/seiko-ferfi-karora\/#breadcrumb"},"inLanguage":"en-US","potentialAction":[{"@type":"ReadAction","target":["https:\/\/hasznalt-ora.hu\/hirdetes\/seiko-ferfi-karora\/"]}]},{"@type":"ImageObject","inLanguage":"en-US","@id":"https:\/\/hasznalt-ora.hu\/hirdetes\/seiko-ferfi-karora\/#primaryimage","url":"https:\/\/hasznalt-ora.hu\/wp-content\/uploads\/2025\/11\/IMG_5457-1-scaled.jpeg","contentUrl":"https:\/\/hasznalt-ora.hu\/wp-content\/uploads\/2025\/11\/IMG_5457-1-scaled.jpeg","width":1900,"height":2560},{"@type":"BreadcrumbList","@id":"https:\/\/hasznalt-ora.hu\/hirdetes\/seiko-ferfi-karora\/#breadcrumb","itemListElement":[{"@type":"ListItem","position":1,"name":"Kezd\u0151lap","item":"https:\/\/hasznalt-ora.hu\/"},{"@type":"ListItem","position":2,"name":"Seiko f\u00e9rfi kar\u00f3ra"}]},{"@type":"WebSite","@id":"https:\/\/hasznalt-ora.hu\/#website","url":"https:\/\/hasznalt-ora.hu\/","name":"HASZN\u00c1LT-\u00d3RA.HU","description":"A magyar haszn\u00e1lt \u00f3ra piact\u00e9r","publisher":{"@id":"https:\/\/hasznalt-ora.hu\/#organization"},"potentialAction":[{"@type":"SearchAction","target":{"@type":"EntryPoint","urlTemplate":"https:\/\/hasznalt-ora.hu\/?s={search_term_string}"},"query-input":{"@type":"PropertyValueSpecification","valueRequired":true,"valueName":"search_term_string"}}],"inLanguage":"en-US"},{"@type":"Organization","@id":"https:\/\/hasznalt-ora.hu\/#organization","name":"HASZN\u00c1LT-\u00d3RA.HU","url":"https:\/\/hasznalt-ora.hu\/","logo":{"@type":"ImageObject","inLanguage":"en-US","@id":"https:\/\/hasznalt-ora.hu\/#\/schema\/logo\/image\/","url":"https:\/\/hasznalt-ora.hu\/wp-content\/uploads\/2021\/07\/hasznalt_ora_k_2-scaled.jpg","contentUrl":"https:\/\/hasznalt-ora.hu\/wp-content\/uploads\/2021\/07\/hasznalt_ora_k_2-scaled.jpg","width":2560,"height":1612,"caption":"HASZN\u00c1LT-\u00d3RA.HU"},"image":{"@id":"https:\/\/hasznalt-ora.hu\/#\/schema\/logo\/image\/"},"sameAs":["https:\/\/www.facebook.com\/groups\/hasznaltorakpiactere"]}]}},"_links":{"self":[{"href":"https:\/\/hasznalt-ora.hu\/en\/wp-json\/wp\/v2\/advert\/40369","targetHints":{"allow":["GET"]}}],"collection":[{"href":"https:\/\/hasznalt-ora.hu\/en\/wp-json\/wp\/v2\/advert"}],"about":[{"href":"https:\/\/hasznalt-ora.hu\/en\/wp-json\/wp\/v2\/types\/advert"}],"author":[{"embeddable":true,"href":"https:\/\/hasznalt-ora.hu\/en\/wp-json\/wp\/v2\/users\/8429"}],"replies":[{"embeddable":true,"href":"https:\/\/hasznalt-ora.hu\/en\/wp-json\/wp\/v2\/comments?post=40369"}],"wp:featuredmedia":[{"embeddable":true,"href":"https:\/\/hasznalt-ora.hu\/en\/wp-json\/wp\/v2\/media\/40370"}],"wp:attachment":[{"href":"https:\/\/hasznalt-ora.hu\/en\/wp-json\/wp\/v2\/media?parent=40369"}],"wp:term":[{"taxonomy":"advert-category","embeddable":true,"href":"https:\/\/hasznalt-ora.hu\/en\/wp-json\/wp\/v2\/advert-category?post=40369"},{"taxonomy":"advert-location","embeddable":true,"href":"https:\/\/hasznalt-ora.hu\/en\/wp-json\/wp\/v2\/advert-location?post=40369"}],"curies":[{"name":"wp","href":"https:\/\/api.w.org\/{rel}","templated":true}]}}

Seiko férfi karóra

<p>Vadonatúj. Seiko Sur399P1 férfi karóra garanciával dobozában. Személyesen Székesfehérváron vehető át vagy előre utalás után tudom küldeni.</p>
<p> </p>
<p>A <strong>Seiko SUR399P1</strong> a japán Seiko azon modellje, amely tökéletesen ötvözi az időtlen eleganciát a kifinomult technológiával.  A <strong>kék számlap</strong>mély tónusa és a <strong>nemesacél tok és szíj</strong> hűvös fénye modern, mégis klasszikus megjelenést teremt.  A letisztult indexek és az <strong>ezüst mutatók</strong>harmonikus összhangot alkotnak, biztosítva a tökéletes leolvashatóságot.A modell lelke a megbízható <strong>Seiko 6N52 kvarc szerkezet</strong>,  amely pontos és karbantartásmentes működést garantál.  A <strong>Hardlex kristályüveg</strong> nagyfokú karcállóságot biztosít,  a <strong>50 méteres vízállóság</strong> pedig gondoskodik arról,  hogy az óra a mindennapi használat során is megőrizze megbízhatóságát.  A <strong>8,3 mm vékony tok</strong> kényelmes viseletet biztosít, amely diszkréten simul a csuklóra.</p>
<p>Miért különleges a Seiko SUR399P1? </p>
<ul>
<li><strong>Japán Seiko 6N52 kvarc szerkezet</strong> – precíz és megbízható működés</li>
<li><strong>Kék számlap</strong> – klasszikus, elegáns megjelenés</li>
<li><strong>Nemescél tok és szíj</strong> – tartós, időtálló anyaghasználat</li>
<li><strong>Hardlex üveg</strong> – karcálló, strapabíró kristály</li>
<li><strong>50 M vízállóság</strong> – biztonságos mindennapi viselethez</li>
<li><strong>Vékony tok (8,3 mm)</strong> – elegáns és kényelmes profil</li>
</ul>
<p>A <strong>Seiko SUR399P1</strong> a japán óragyártás megbízhatóságát és letisztult esztétikáját testesíti meg.  Egy elegáns, mégis mindennap hordható modell, amely tökéletesen illik az üzleti és hétköznapi megjelenéshez is.</p>

<p>Vadonatúj. Seiko Sur399P1 férfi karóra garanciával dobozában. Személyesen Székesfehérváron vehető át vagy előre utalás után tudom küldeni.   A Seiko SUR399P1 a japán Seiko azon modellje, amely tökéletesen ötvözi az időtlen eleganciát a kifinomult technológiával.  A kék számlapmély tónusa és a nemesacél tok és szíj hűvös fénye modern, mégis klasszikus megjelenést teremt.  A letisztult indexek&#8230;</p>

<!-- This site is optimized with the Yoast SEO plugin v26.3 - https://yoast.com/wordpress/plugins/seo/ -->
<title>Seiko férfi karóra - HASZNÁLT-ÓRA.HU</title>
<meta name="robots" content="index, follow, max-snippet:-1, max-image-preview:large, max-video-preview:-1" />
<link rel="canonical" href="https://hasznalt-ora.hu/en/hirdetes/seiko-ferfi-karora/" />
<meta name="twitter:label1" content="Est. reading time" />
	<meta name="twitter:data1" content="1 minute" />
<script type="application/ld+json" class="yoast-schema-graph">{"@context":"https://schema.org","@graph":[{"@type":"WebPage","@id":"https://hasznalt-ora.hu/hirdetes/seiko-ferfi-karora/","url":"https://hasznalt-ora.hu/hirdetes/seiko-ferfi-karora/","name":"Seiko férfi karóra - HASZNÁLT-ÓRA.HU","isPartOf":{"@id":"https://hasznalt-ora.hu/#website"},"primaryImageOfPage":{"@id":"https://hasznalt-ora.hu/hirdetes/seiko-ferfi-karora/#primaryimage"},"image":{"@id":"https://hasznalt-ora.hu/hirdetes/seiko-ferfi-karora/#primaryimage"},"thumbnailUrl":"https://hasznalt-ora.hu/wp-content/uploads/2025/11/IMG_5457-1-scaled.jpeg","datePublished":"2025-11-26T22:40:17+00:00","breadcrumb":{"@id":"https://hasznalt-ora.hu/hirdetes/seiko-ferfi-karora/#breadcrumb"},"inLanguage":"en-US","potentialAction":[{"@type":"ReadAction","target":["https://hasznalt-ora.hu/hirdetes/seiko-ferfi-karora/"]}]},{"@type":"ImageObject","inLanguage":"en-US","@id":"https://hasznalt-ora.hu/hirdetes/seiko-ferfi-karora/#primaryimage","url":"https://hasznalt-ora.hu/wp-content/uploads/2025/11/IMG_5457-1-scaled.jpeg","contentUrl":"https://hasznalt-ora.hu/wp-content/uploads/2025/11/IMG_5457-1-scaled.jpeg","width":1900,"height":2560},{"@type":"BreadcrumbList","@id":"https://hasznalt-ora.hu/hirdetes/seiko-ferfi-karora/#breadcrumb","itemListElement":[{"@type":"ListItem","position":1,"name":"Kezdőlap","item":"https://hasznalt-ora.hu/"},{"@type":"ListItem","position":2,"name":"Seiko férfi karóra"}]},{"@type":"WebSite","@id":"https://hasznalt-ora.hu/#website","url":"https://hasznalt-ora.hu/","name":"HASZNÁLT-ÓRA.HU","description":"A magyar használt óra piactér","publisher":{"@id":"https://hasznalt-ora.hu/#organization"},"potentialAction":[{"@type":"SearchAction","target":{"@type":"EntryPoint","urlTemplate":"https://hasznalt-ora.hu/?s={search_term_string}"},"query-input":{"@type":"PropertyValueSpecification","valueRequired":true,"valueName":"search_term_string"}}],"inLanguage":"en-US"},{"@type":"Organization","@id":"https://hasznalt-ora.hu/#organization","name":"HASZNÁLT-ÓRA.HU","url":"https://hasznalt-ora.hu/","logo":{"@type":"ImageObject","inLanguage":"en-US","@id":"https://hasznalt-ora.hu/#/schema/logo/image/","url":"https://hasznalt-ora.hu/wp-content/uploads/2021/07/hasznalt_ora_k_2-scaled.jpg","contentUrl":"https://hasznalt-ora.hu/wp-content/uploads/2021/07/hasznalt_ora_k_2-scaled.jpg","width":2560,"height":1612,"caption":"HASZNÁLT-ÓRA.HU"},"image":{"@id":"https://hasznalt-ora.hu/#/schema/logo/image/"},"sameAs":["https://www.facebook.com/groups/hasznaltorakpiactere"]}]}</script>
<!-- / Yoast SEO plugin. -->

Seiko férfi karóra - HASZNÁLT-ÓRA.HU

Kezdőlap

HASZNÁLT-ÓRA.HU

A magyar használt óra piactér
