{"id":36767,"date":"2025-08-21T10:23:30","date_gmt":"2025-08-21T08:23:30","guid":{"rendered":"https:\/\/hasznalt-ora.hu\/hirdetes\/tag-heuer-grand-carrera-caliber-6\/"},"modified":"2025-08-21T10:23:30","modified_gmt":"2025-08-21T08:23:30","slug":"tag-heuer-grand-carrera-caliber-6","status":"publish","type":"advert","link":"https:\/\/hasznalt-ora.hu\/en\/hirdetes\/tag-heuer-grand-carrera-caliber-6\/","title":{"rendered":"Tag Heuer Grand Carrera Caliber 6"},"content":{"rendered":"<p>Haszn\u00e1latb\u00f3l ad\u00f3d\u00f3 apr\u00f3 karcok a tokon \u00e9s a sz\u00edjon! Az el\u0151lap \u00e9s h\u00e1tlap karcmentes! Eredeti doboz\u00e1ban adom! Pol\u00edrozva soha nem volt!!<\/p>","protected":false},"excerpt":{"rendered":"<p>Haszn\u00e1latb\u00f3l ad\u00f3d\u00f3 apr\u00f3 karcok a tokon \u00e9s a sz\u00edjon! Az el\u0151lap \u00e9s h\u00e1tlap karcmentes! Eredeti doboz\u00e1ban adom! Pol\u00edrozva soha nem volt!!<\/p>","protected":false},"author":8332,"featured_media":36769,"comment_status":"closed","ping_status":"closed","template":"","advert-category":[3914,3792],"advert-location":[883,188],"class_list":["post-36767","advert","type-advert","status-publish","has-post-thumbnail","hentry","advert-category-karora","advert-category-tag-heuer","advert-location-eger","advert-location-heves-varmegye","tag-heuer-modell-carrera-war211b-4","mukodese-automata","nem-ferfi","stilus-sportos","szamlap-tipusa-analog","szij-fajtaja-fem","vizallosag-100-meter-10-bar-10atm"],"yoast_head":"<!-- This site is optimized with the Yoast SEO plugin v26.3 - https:\/\/yoast.com\/wordpress\/plugins\/seo\/ -->\n<title>Tag Heuer Grand Carrera Caliber 6 - HASZN\u00c1LT-\u00d3RA.HU<\/title>\n<meta name=\"robots\" content=\"index, follow, max-snippet:-1, max-image-preview:large, max-video-preview:-1\" \/>\n<link rel=\"canonical\" href=\"https:\/\/hasznalt-ora.hu\/en\/hirdetes\/tag-heuer-grand-carrera-caliber-6\/\" \/>\n<script type=\"application\/ld+json\" class=\"yoast-schema-graph\">{\"@context\":\"https:\/\/schema.org\",\"@graph\":[{\"@type\":\"WebPage\",\"@id\":\"https:\/\/hasznalt-ora.hu\/hirdetes\/tag-heuer-grand-carrera-caliber-6\/\",\"url\":\"https:\/\/hasznalt-ora.hu\/hirdetes\/tag-heuer-grand-carrera-caliber-6\/\",\"name\":\"Tag Heuer Grand Carrera Caliber 6 - HASZN\u00c1LT-\u00d3RA.HU\",\"isPartOf\":{\"@id\":\"https:\/\/hasznalt-ora.hu\/#website\"},\"primaryImageOfPage\":{\"@id\":\"https:\/\/hasznalt-ora.hu\/hirdetes\/tag-heuer-grand-carrera-caliber-6\/#primaryimage\"},\"image\":{\"@id\":\"https:\/\/hasznalt-ora.hu\/hirdetes\/tag-heuer-grand-carrera-caliber-6\/#primaryimage\"},\"thumbnailUrl\":\"https:\/\/hasznalt-ora.hu\/wp-content\/uploads\/2025\/08\/IMG_1996-scaled.jpeg\",\"datePublished\":\"2025-08-21T08:23:30+00:00\",\"breadcrumb\":{\"@id\":\"https:\/\/hasznalt-ora.hu\/hirdetes\/tag-heuer-grand-carrera-caliber-6\/#breadcrumb\"},\"inLanguage\":\"en-US\",\"potentialAction\":[{\"@type\":\"ReadAction\",\"target\":[\"https:\/\/hasznalt-ora.hu\/hirdetes\/tag-heuer-grand-carrera-caliber-6\/\"]}]},{\"@type\":\"ImageObject\",\"inLanguage\":\"en-US\",\"@id\":\"https:\/\/hasznalt-ora.hu\/hirdetes\/tag-heuer-grand-carrera-caliber-6\/#primaryimage\",\"url\":\"https:\/\/hasznalt-ora.hu\/wp-content\/uploads\/2025\/08\/IMG_1996-scaled.jpeg\",\"contentUrl\":\"https:\/\/hasznalt-ora.hu\/wp-content\/uploads\/2025\/08\/IMG_1996-scaled.jpeg\",\"width\":1920,\"height\":2560},{\"@type\":\"BreadcrumbList\",\"@id\":\"https:\/\/hasznalt-ora.hu\/hirdetes\/tag-heuer-grand-carrera-caliber-6\/#breadcrumb\",\"itemListElement\":[{\"@type\":\"ListItem\",\"position\":1,\"name\":\"Kezd\u0151lap\",\"item\":\"https:\/\/hasznalt-ora.hu\/\"},{\"@type\":\"ListItem\",\"position\":2,\"name\":\"Tag Heuer Grand Carrera Caliber 6\"}]},{\"@type\":\"WebSite\",\"@id\":\"https:\/\/hasznalt-ora.hu\/#website\",\"url\":\"https:\/\/hasznalt-ora.hu\/\",\"name\":\"HASZN\u00c1LT-\u00d3RA.HU\",\"description\":\"A magyar haszn\u00e1lt \u00f3ra piact\u00e9r\",\"publisher\":{\"@id\":\"https:\/\/hasznalt-ora.hu\/#organization\"},\"potentialAction\":[{\"@type\":\"SearchAction\",\"target\":{\"@type\":\"EntryPoint\",\"urlTemplate\":\"https:\/\/hasznalt-ora.hu\/?s={search_term_string}\"},\"query-input\":{\"@type\":\"PropertyValueSpecification\",\"valueRequired\":true,\"valueName\":\"search_term_string\"}}],\"inLanguage\":\"en-US\"},{\"@type\":\"Organization\",\"@id\":\"https:\/\/hasznalt-ora.hu\/#organization\",\"name\":\"HASZN\u00c1LT-\u00d3RA.HU\",\"url\":\"https:\/\/hasznalt-ora.hu\/\",\"logo\":{\"@type\":\"ImageObject\",\"inLanguage\":\"en-US\",\"@id\":\"https:\/\/hasznalt-ora.hu\/#\/schema\/logo\/image\/\",\"url\":\"https:\/\/hasznalt-ora.hu\/wp-content\/uploads\/2021\/07\/hasznalt_ora_k_2-scaled.jpg\",\"contentUrl\":\"https:\/\/hasznalt-ora.hu\/wp-content\/uploads\/2021\/07\/hasznalt_ora_k_2-scaled.jpg\",\"width\":2560,\"height\":1612,\"caption\":\"HASZN\u00c1LT-\u00d3RA.HU\"},\"image\":{\"@id\":\"https:\/\/hasznalt-ora.hu\/#\/schema\/logo\/image\/\"},\"sameAs\":[\"https:\/\/www.facebook.com\/groups\/hasznaltorakpiactere\"]}]}<\/script>\n<!-- \/ Yoast SEO plugin. -->","yoast_head_json":{"title":"Tag Heuer Grand Carrera Caliber 6 - HASZN\u00c1LT-\u00d3RA.HU","robots":{"index":"index","follow":"follow","max-snippet":"max-snippet:-1","max-image-preview":"max-image-preview:large","max-video-preview":"max-video-preview:-1"},"canonical":"https:\/\/hasznalt-ora.hu\/en\/hirdetes\/tag-heuer-grand-carrera-caliber-6\/","schema":{"@context":"https:\/\/schema.org","@graph":[{"@type":"WebPage","@id":"https:\/\/hasznalt-ora.hu\/hirdetes\/tag-heuer-grand-carrera-caliber-6\/","url":"https:\/\/hasznalt-ora.hu\/hirdetes\/tag-heuer-grand-carrera-caliber-6\/","name":"Tag Heuer Grand Carrera Caliber 6 - HASZN\u00c1LT-\u00d3RA.HU","isPartOf":{"@id":"https:\/\/hasznalt-ora.hu\/#website"},"primaryImageOfPage":{"@id":"https:\/\/hasznalt-ora.hu\/hirdetes\/tag-heuer-grand-carrera-caliber-6\/#primaryimage"},"image":{"@id":"https:\/\/hasznalt-ora.hu\/hirdetes\/tag-heuer-grand-carrera-caliber-6\/#primaryimage"},"thumbnailUrl":"https:\/\/hasznalt-ora.hu\/wp-content\/uploads\/2025\/08\/IMG_1996-scaled.jpeg","datePublished":"2025-08-21T08:23:30+00:00","breadcrumb":{"@id":"https:\/\/hasznalt-ora.hu\/hirdetes\/tag-heuer-grand-carrera-caliber-6\/#breadcrumb"},"inLanguage":"en-US","potentialAction":[{"@type":"ReadAction","target":["https:\/\/hasznalt-ora.hu\/hirdetes\/tag-heuer-grand-carrera-caliber-6\/"]}]},{"@type":"ImageObject","inLanguage":"en-US","@id":"https:\/\/hasznalt-ora.hu\/hirdetes\/tag-heuer-grand-carrera-caliber-6\/#primaryimage","url":"https:\/\/hasznalt-ora.hu\/wp-content\/uploads\/2025\/08\/IMG_1996-scaled.jpeg","contentUrl":"https:\/\/hasznalt-ora.hu\/wp-content\/uploads\/2025\/08\/IMG_1996-scaled.jpeg","width":1920,"height":2560},{"@type":"BreadcrumbList","@id":"https:\/\/hasznalt-ora.hu\/hirdetes\/tag-heuer-grand-carrera-caliber-6\/#breadcrumb","itemListElement":[{"@type":"ListItem","position":1,"name":"Kezd\u0151lap","item":"https:\/\/hasznalt-ora.hu\/"},{"@type":"ListItem","position":2,"name":"Tag Heuer Grand Carrera Caliber 6"}]},{"@type":"WebSite","@id":"https:\/\/hasznalt-ora.hu\/#website","url":"https:\/\/hasznalt-ora.hu\/","name":"HASZN\u00c1LT-\u00d3RA.HU","description":"A magyar haszn\u00e1lt \u00f3ra piact\u00e9r","publisher":{"@id":"https:\/\/hasznalt-ora.hu\/#organization"},"potentialAction":[{"@type":"SearchAction","target":{"@type":"EntryPoint","urlTemplate":"https:\/\/hasznalt-ora.hu\/?s={search_term_string}"},"query-input":{"@type":"PropertyValueSpecification","valueRequired":true,"valueName":"search_term_string"}}],"inLanguage":"en-US"},{"@type":"Organization","@id":"https:\/\/hasznalt-ora.hu\/#organization","name":"HASZN\u00c1LT-\u00d3RA.HU","url":"https:\/\/hasznalt-ora.hu\/","logo":{"@type":"ImageObject","inLanguage":"en-US","@id":"https:\/\/hasznalt-ora.hu\/#\/schema\/logo\/image\/","url":"https:\/\/hasznalt-ora.hu\/wp-content\/uploads\/2021\/07\/hasznalt_ora_k_2-scaled.jpg","contentUrl":"https:\/\/hasznalt-ora.hu\/wp-content\/uploads\/2021\/07\/hasznalt_ora_k_2-scaled.jpg","width":2560,"height":1612,"caption":"HASZN\u00c1LT-\u00d3RA.HU"},"image":{"@id":"https:\/\/hasznalt-ora.hu\/#\/schema\/logo\/image\/"},"sameAs":["https:\/\/www.facebook.com\/groups\/hasznaltorakpiactere"]}]}},"_links":{"self":[{"href":"https:\/\/hasznalt-ora.hu\/en\/wp-json\/wp\/v2\/advert\/36767","targetHints":{"allow":["GET"]}}],"collection":[{"href":"https:\/\/hasznalt-ora.hu\/en\/wp-json\/wp\/v2\/advert"}],"about":[{"href":"https:\/\/hasznalt-ora.hu\/en\/wp-json\/wp\/v2\/types\/advert"}],"author":[{"embeddable":true,"href":"https:\/\/hasznalt-ora.hu\/en\/wp-json\/wp\/v2\/users\/8332"}],"replies":[{"embeddable":true,"href":"https:\/\/hasznalt-ora.hu\/en\/wp-json\/wp\/v2\/comments?post=36767"}],"wp:featuredmedia":[{"embeddable":true,"href":"https:\/\/hasznalt-ora.hu\/en\/wp-json\/wp\/v2\/media\/36769"}],"wp:attachment":[{"href":"https:\/\/hasznalt-ora.hu\/en\/wp-json\/wp\/v2\/media?parent=36767"}],"wp:term":[{"taxonomy":"advert-category","embeddable":true,"href":"https:\/\/hasznalt-ora.hu\/en\/wp-json\/wp\/v2\/advert-category?post=36767"},{"taxonomy":"advert-location","embeddable":true,"href":"https:\/\/hasznalt-ora.hu\/en\/wp-json\/wp\/v2\/advert-location?post=36767"}],"curies":[{"name":"wp","href":"https:\/\/api.w.org\/{rel}","templated":true}]}}

<p>Használatból adódó apró karcok a tokon és a szíjon! Az előlap és hátlap karcmentes! Eredeti dobozában adom! Polírozva soha nem volt!!</p>

<!-- This site is optimized with the Yoast SEO plugin v26.3 - https://yoast.com/wordpress/plugins/seo/ -->
<title>Tag Heuer Grand Carrera Caliber 6 - HASZNÁLT-ÓRA.HU</title>
<meta name="robots" content="index, follow, max-snippet:-1, max-image-preview:large, max-video-preview:-1" />
<link rel="canonical" href="https://hasznalt-ora.hu/en/hirdetes/tag-heuer-grand-carrera-caliber-6/" />
<script type="application/ld+json" class="yoast-schema-graph">{"@context":"https://schema.org","@graph":[{"@type":"WebPage","@id":"https://hasznalt-ora.hu/hirdetes/tag-heuer-grand-carrera-caliber-6/","url":"https://hasznalt-ora.hu/hirdetes/tag-heuer-grand-carrera-caliber-6/","name":"Tag Heuer Grand Carrera Caliber 6 - HASZNÁLT-ÓRA.HU","isPartOf":{"@id":"https://hasznalt-ora.hu/#website"},"primaryImageOfPage":{"@id":"https://hasznalt-ora.hu/hirdetes/tag-heuer-grand-carrera-caliber-6/#primaryimage"},"image":{"@id":"https://hasznalt-ora.hu/hirdetes/tag-heuer-grand-carrera-caliber-6/#primaryimage"},"thumbnailUrl":"https://hasznalt-ora.hu/wp-content/uploads/2025/08/IMG_1996-scaled.jpeg","datePublished":"2025-08-21T08:23:30+00:00","breadcrumb":{"@id":"https://hasznalt-ora.hu/hirdetes/tag-heuer-grand-carrera-caliber-6/#breadcrumb"},"inLanguage":"en-US","potentialAction":[{"@type":"ReadAction","target":["https://hasznalt-ora.hu/hirdetes/tag-heuer-grand-carrera-caliber-6/"]}]},{"@type":"ImageObject","inLanguage":"en-US","@id":"https://hasznalt-ora.hu/hirdetes/tag-heuer-grand-carrera-caliber-6/#primaryimage","url":"https://hasznalt-ora.hu/wp-content/uploads/2025/08/IMG_1996-scaled.jpeg","contentUrl":"https://hasznalt-ora.hu/wp-content/uploads/2025/08/IMG_1996-scaled.jpeg","width":1920,"height":2560},{"@type":"BreadcrumbList","@id":"https://hasznalt-ora.hu/hirdetes/tag-heuer-grand-carrera-caliber-6/#breadcrumb","itemListElement":[{"@type":"ListItem","position":1,"name":"Kezdőlap","item":"https://hasznalt-ora.hu/"},{"@type":"ListItem","position":2,"name":"Tag Heuer Grand Carrera Caliber 6"}]},{"@type":"WebSite","@id":"https://hasznalt-ora.hu/#website","url":"https://hasznalt-ora.hu/","name":"HASZNÁLT-ÓRA.HU","description":"A magyar használt óra piactér","publisher":{"@id":"https://hasznalt-ora.hu/#organization"},"potentialAction":[{"@type":"SearchAction","target":{"@type":"EntryPoint","urlTemplate":"https://hasznalt-ora.hu/?s={search_term_string}"},"query-input":{"@type":"PropertyValueSpecification","valueRequired":true,"valueName":"search_term_string"}}],"inLanguage":"en-US"},{"@type":"Organization","@id":"https://hasznalt-ora.hu/#organization","name":"HASZNÁLT-ÓRA.HU","url":"https://hasznalt-ora.hu/","logo":{"@type":"ImageObject","inLanguage":"en-US","@id":"https://hasznalt-ora.hu/#/schema/logo/image/","url":"https://hasznalt-ora.hu/wp-content/uploads/2021/07/hasznalt_ora_k_2-scaled.jpg","contentUrl":"https://hasznalt-ora.hu/wp-content/uploads/2021/07/hasznalt_ora_k_2-scaled.jpg","width":2560,"height":1612,"caption":"HASZNÁLT-ÓRA.HU"},"image":{"@id":"https://hasznalt-ora.hu/#/schema/logo/image/"},"sameAs":["https://www.facebook.com/groups/hasznaltorakpiactere"]}]}</script>
<!-- / Yoast SEO plugin. -->

Tag Heuer Grand Carrera Caliber 6 - HASZNÁLT-ÓRA.HU

Kezdőlap

HASZNÁLT-ÓRA.HU

A magyar használt óra piactér
