{"id":33738,"date":"2025-03-02T23:46:05","date_gmt":"2025-03-02T22:46:05","guid":{"rendered":"https:\/\/hasznalt-ora.hu\/hirdetes\/vostok-komandirskie-submarine\/"},"modified":"2025-03-02T23:46:05","modified_gmt":"2025-03-02T22:46:05","slug":"vostok-komandirskie-submarine","status":"publish","type":"advert","link":"https:\/\/hasznalt-ora.hu\/en\/hirdetes\/vostok-komandirskie-submarine\/","title":{"rendered":"Vostok Komandirskie submarine"},"content":{"rendered":"<p>j\u00f3 \u00e1llapot\u00fa, m\u0171k\u00f6d\u0151k\u00e9pes. Az \u00f3ra sz\u00e9p \u00e1llapotban van, az \u00fcveg\u00e9n van enyhe karcol\u00e1sok amik a fotokon l\u00e1tszanak. Az \u00f3r\u00e1nak a h\u00e1tlapja egy nagyon kicsit mozog amint lehet l\u00e1tni a fot\u00f3n is hogy van egy kicsi szabad r\u00e9se. Felh\u00fazos rendszerel m\u0171k\u00f6dik. Az \u00f3r\u00e1nak a j\u00e1r\u00e1s\u00e1t nem m\u00e9rtem. Doboza, dokumentuma nincs. Foszforeszk\u00e1l. Foxpost, posta mehet<\/p>","protected":false},"excerpt":{"rendered":"<p>j\u00f3 \u00e1llapot\u00fa, m\u0171k\u00f6d\u0151k\u00e9pes. Az \u00f3ra sz\u00e9p \u00e1llapotban van, az \u00fcveg\u00e9n van enyhe karcol\u00e1sok amik a fotokon l\u00e1tszanak. Az \u00f3r\u00e1nak a h\u00e1tlapja egy nagyon kicsit mozog amint lehet l\u00e1tni a fot\u00f3n is hogy van egy kicsi szabad r\u00e9se. Felh\u00fazos rendszerel m\u0171k\u00f6dik. Az \u00f3r\u00e1nak a j\u00e1r\u00e1s\u00e1t nem m\u00e9rtem. Doboza, dokumentuma nincs. Foszforeszk\u00e1l. Foxpost, posta mehet<\/p>","protected":false},"author":8101,"featured_media":33741,"comment_status":"closed","ping_status":"closed","template":"","advert-category":[3914,4030],"advert-location":[1256,237],"class_list":["post-33738","advert","type-advert","status-publish","has-post-thumbnail","hentry","advert-category-karora","advert-category-vostok-russia","advert-location-heviz","advert-location-zala-varmegye","fizetesi-mod-atutalas","fizetesi-mod-keszpenz","fizetesi-mod-paypal-utalas","fizetesi-mod-revolut-utalas","fizetesi-mod-utanvet","funkciok-12-oras","funkciok-datum","funkciok-forgathato-lunetta","funkciok-masodperc-mutato","funkciok-vilagito-szamlap","gyartasi-ev-4158","limitalt-szeria-igen","mukodese-automata","mukodese-kezi-felhuzas","nem-ferfi","oratok-atmeroje-4129","stilus-antik","stilus-hetkoznapi","stilus-military","stilus-retro","szallitasi-mod-foxpost","szallitasi-mod-packeta","szallitasi-mod-szemelyes-atvetel","vizallosag-nem-vizallo"],"yoast_head":"<!-- This site is optimized with the Yoast SEO plugin v26.3 - https:\/\/yoast.com\/wordpress\/plugins\/seo\/ -->\n<title>Vostok Komandirskie submarine - HASZN\u00c1LT-\u00d3RA.HU<\/title>\n<meta name=\"robots\" content=\"index, follow, max-snippet:-1, max-image-preview:large, max-video-preview:-1\" \/>\n<link rel=\"canonical\" href=\"https:\/\/hasznalt-ora.hu\/en\/hirdetes\/vostok-komandirskie-submarine\/\" \/>\n<script type=\"application\/ld+json\" class=\"yoast-schema-graph\">{\"@context\":\"https:\/\/schema.org\",\"@graph\":[{\"@type\":\"WebPage\",\"@id\":\"https:\/\/hasznalt-ora.hu\/hirdetes\/vostok-komandirskie-submarine\/\",\"url\":\"https:\/\/hasznalt-ora.hu\/hirdetes\/vostok-komandirskie-submarine\/\",\"name\":\"Vostok Komandirskie submarine - HASZN\u00c1LT-\u00d3RA.HU\",\"isPartOf\":{\"@id\":\"https:\/\/hasznalt-ora.hu\/#website\"},\"primaryImageOfPage\":{\"@id\":\"https:\/\/hasznalt-ora.hu\/hirdetes\/vostok-komandirskie-submarine\/#primaryimage\"},\"image\":{\"@id\":\"https:\/\/hasznalt-ora.hu\/hirdetes\/vostok-komandirskie-submarine\/#primaryimage\"},\"thumbnailUrl\":\"https:\/\/hasznalt-ora.hu\/wp-content\/uploads\/2025\/03\/photo_15_2025-02-24_14-33-37.jpg\",\"datePublished\":\"2025-03-02T22:46:05+00:00\",\"breadcrumb\":{\"@id\":\"https:\/\/hasznalt-ora.hu\/hirdetes\/vostok-komandirskie-submarine\/#breadcrumb\"},\"inLanguage\":\"en-US\",\"potentialAction\":[{\"@type\":\"ReadAction\",\"target\":[\"https:\/\/hasznalt-ora.hu\/hirdetes\/vostok-komandirskie-submarine\/\"]}]},{\"@type\":\"ImageObject\",\"inLanguage\":\"en-US\",\"@id\":\"https:\/\/hasznalt-ora.hu\/hirdetes\/vostok-komandirskie-submarine\/#primaryimage\",\"url\":\"https:\/\/hasznalt-ora.hu\/wp-content\/uploads\/2025\/03\/photo_15_2025-02-24_14-33-37.jpg\",\"contentUrl\":\"https:\/\/hasznalt-ora.hu\/wp-content\/uploads\/2025\/03\/photo_15_2025-02-24_14-33-37.jpg\",\"width\":960,\"height\":1280},{\"@type\":\"BreadcrumbList\",\"@id\":\"https:\/\/hasznalt-ora.hu\/hirdetes\/vostok-komandirskie-submarine\/#breadcrumb\",\"itemListElement\":[{\"@type\":\"ListItem\",\"position\":1,\"name\":\"Kezd\u0151lap\",\"item\":\"https:\/\/hasznalt-ora.hu\/\"},{\"@type\":\"ListItem\",\"position\":2,\"name\":\"Vostok Komandirskie submarine\"}]},{\"@type\":\"WebSite\",\"@id\":\"https:\/\/hasznalt-ora.hu\/#website\",\"url\":\"https:\/\/hasznalt-ora.hu\/\",\"name\":\"HASZN\u00c1LT-\u00d3RA.HU\",\"description\":\"A magyar haszn\u00e1lt \u00f3ra piact\u00e9r\",\"publisher\":{\"@id\":\"https:\/\/hasznalt-ora.hu\/#organization\"},\"potentialAction\":[{\"@type\":\"SearchAction\",\"target\":{\"@type\":\"EntryPoint\",\"urlTemplate\":\"https:\/\/hasznalt-ora.hu\/?s={search_term_string}\"},\"query-input\":{\"@type\":\"PropertyValueSpecification\",\"valueRequired\":true,\"valueName\":\"search_term_string\"}}],\"inLanguage\":\"en-US\"},{\"@type\":\"Organization\",\"@id\":\"https:\/\/hasznalt-ora.hu\/#organization\",\"name\":\"HASZN\u00c1LT-\u00d3RA.HU\",\"url\":\"https:\/\/hasznalt-ora.hu\/\",\"logo\":{\"@type\":\"ImageObject\",\"inLanguage\":\"en-US\",\"@id\":\"https:\/\/hasznalt-ora.hu\/#\/schema\/logo\/image\/\",\"url\":\"https:\/\/hasznalt-ora.hu\/wp-content\/uploads\/2021\/07\/hasznalt_ora_k_2-scaled.jpg\",\"contentUrl\":\"https:\/\/hasznalt-ora.hu\/wp-content\/uploads\/2021\/07\/hasznalt_ora_k_2-scaled.jpg\",\"width\":2560,\"height\":1612,\"caption\":\"HASZN\u00c1LT-\u00d3RA.HU\"},\"image\":{\"@id\":\"https:\/\/hasznalt-ora.hu\/#\/schema\/logo\/image\/\"},\"sameAs\":[\"https:\/\/www.facebook.com\/groups\/hasznaltorakpiactere\"]}]}<\/script>\n<!-- \/ Yoast SEO plugin. -->","yoast_head_json":{"title":"Vostok Komandirskie submarine - HASZN\u00c1LT-\u00d3RA.HU","robots":{"index":"index","follow":"follow","max-snippet":"max-snippet:-1","max-image-preview":"max-image-preview:large","max-video-preview":"max-video-preview:-1"},"canonical":"https:\/\/hasznalt-ora.hu\/en\/hirdetes\/vostok-komandirskie-submarine\/","schema":{"@context":"https:\/\/schema.org","@graph":[{"@type":"WebPage","@id":"https:\/\/hasznalt-ora.hu\/hirdetes\/vostok-komandirskie-submarine\/","url":"https:\/\/hasznalt-ora.hu\/hirdetes\/vostok-komandirskie-submarine\/","name":"Vostok Komandirskie submarine - HASZN\u00c1LT-\u00d3RA.HU","isPartOf":{"@id":"https:\/\/hasznalt-ora.hu\/#website"},"primaryImageOfPage":{"@id":"https:\/\/hasznalt-ora.hu\/hirdetes\/vostok-komandirskie-submarine\/#primaryimage"},"image":{"@id":"https:\/\/hasznalt-ora.hu\/hirdetes\/vostok-komandirskie-submarine\/#primaryimage"},"thumbnailUrl":"https:\/\/hasznalt-ora.hu\/wp-content\/uploads\/2025\/03\/photo_15_2025-02-24_14-33-37.jpg","datePublished":"2025-03-02T22:46:05+00:00","breadcrumb":{"@id":"https:\/\/hasznalt-ora.hu\/hirdetes\/vostok-komandirskie-submarine\/#breadcrumb"},"inLanguage":"en-US","potentialAction":[{"@type":"ReadAction","target":["https:\/\/hasznalt-ora.hu\/hirdetes\/vostok-komandirskie-submarine\/"]}]},{"@type":"ImageObject","inLanguage":"en-US","@id":"https:\/\/hasznalt-ora.hu\/hirdetes\/vostok-komandirskie-submarine\/#primaryimage","url":"https:\/\/hasznalt-ora.hu\/wp-content\/uploads\/2025\/03\/photo_15_2025-02-24_14-33-37.jpg","contentUrl":"https:\/\/hasznalt-ora.hu\/wp-content\/uploads\/2025\/03\/photo_15_2025-02-24_14-33-37.jpg","width":960,"height":1280},{"@type":"BreadcrumbList","@id":"https:\/\/hasznalt-ora.hu\/hirdetes\/vostok-komandirskie-submarine\/#breadcrumb","itemListElement":[{"@type":"ListItem","position":1,"name":"Kezd\u0151lap","item":"https:\/\/hasznalt-ora.hu\/"},{"@type":"ListItem","position":2,"name":"Vostok Komandirskie submarine"}]},{"@type":"WebSite","@id":"https:\/\/hasznalt-ora.hu\/#website","url":"https:\/\/hasznalt-ora.hu\/","name":"HASZN\u00c1LT-\u00d3RA.HU","description":"A magyar haszn\u00e1lt \u00f3ra piact\u00e9r","publisher":{"@id":"https:\/\/hasznalt-ora.hu\/#organization"},"potentialAction":[{"@type":"SearchAction","target":{"@type":"EntryPoint","urlTemplate":"https:\/\/hasznalt-ora.hu\/?s={search_term_string}"},"query-input":{"@type":"PropertyValueSpecification","valueRequired":true,"valueName":"search_term_string"}}],"inLanguage":"en-US"},{"@type":"Organization","@id":"https:\/\/hasznalt-ora.hu\/#organization","name":"HASZN\u00c1LT-\u00d3RA.HU","url":"https:\/\/hasznalt-ora.hu\/","logo":{"@type":"ImageObject","inLanguage":"en-US","@id":"https:\/\/hasznalt-ora.hu\/#\/schema\/logo\/image\/","url":"https:\/\/hasznalt-ora.hu\/wp-content\/uploads\/2021\/07\/hasznalt_ora_k_2-scaled.jpg","contentUrl":"https:\/\/hasznalt-ora.hu\/wp-content\/uploads\/2021\/07\/hasznalt_ora_k_2-scaled.jpg","width":2560,"height":1612,"caption":"HASZN\u00c1LT-\u00d3RA.HU"},"image":{"@id":"https:\/\/hasznalt-ora.hu\/#\/schema\/logo\/image\/"},"sameAs":["https:\/\/www.facebook.com\/groups\/hasznaltorakpiactere"]}]}},"_links":{"self":[{"href":"https:\/\/hasznalt-ora.hu\/en\/wp-json\/wp\/v2\/advert\/33738","targetHints":{"allow":["GET"]}}],"collection":[{"href":"https:\/\/hasznalt-ora.hu\/en\/wp-json\/wp\/v2\/advert"}],"about":[{"href":"https:\/\/hasznalt-ora.hu\/en\/wp-json\/wp\/v2\/types\/advert"}],"author":[{"embeddable":true,"href":"https:\/\/hasznalt-ora.hu\/en\/wp-json\/wp\/v2\/users\/8101"}],"replies":[{"embeddable":true,"href":"https:\/\/hasznalt-ora.hu\/en\/wp-json\/wp\/v2\/comments?post=33738"}],"wp:featuredmedia":[{"embeddable":true,"href":"https:\/\/hasznalt-ora.hu\/en\/wp-json\/wp\/v2\/media\/33741"}],"wp:attachment":[{"href":"https:\/\/hasznalt-ora.hu\/en\/wp-json\/wp\/v2\/media?parent=33738"}],"wp:term":[{"taxonomy":"advert-category","embeddable":true,"href":"https:\/\/hasznalt-ora.hu\/en\/wp-json\/wp\/v2\/advert-category?post=33738"},{"taxonomy":"advert-location","embeddable":true,"href":"https:\/\/hasznalt-ora.hu\/en\/wp-json\/wp\/v2\/advert-location?post=33738"}],"curies":[{"name":"wp","href":"https:\/\/api.w.org\/{rel}","templated":true}]}}

<p>jó állapotú, működőképes. Az óra szép állapotban van, az üvegén van enyhe karcolások amik a fotokon látszanak. Az órának a hátlapja egy nagyon kicsit mozog amint lehet látni a fotón is hogy van egy kicsi szabad rése. Felhúzos rendszerel működik. Az órának a járását nem mértem. Doboza, dokumentuma nincs. Foszforeszkál. Foxpost, posta mehet</p>

<!-- This site is optimized with the Yoast SEO plugin v26.3 - https://yoast.com/wordpress/plugins/seo/ -->
<title>Vostok Komandirskie submarine - HASZNÁLT-ÓRA.HU</title>
<meta name="robots" content="index, follow, max-snippet:-1, max-image-preview:large, max-video-preview:-1" />
<link rel="canonical" href="https://hasznalt-ora.hu/en/hirdetes/vostok-komandirskie-submarine/" />
<script type="application/ld+json" class="yoast-schema-graph">{"@context":"https://schema.org","@graph":[{"@type":"WebPage","@id":"https://hasznalt-ora.hu/hirdetes/vostok-komandirskie-submarine/","url":"https://hasznalt-ora.hu/hirdetes/vostok-komandirskie-submarine/","name":"Vostok Komandirskie submarine - HASZNÁLT-ÓRA.HU","isPartOf":{"@id":"https://hasznalt-ora.hu/#website"},"primaryImageOfPage":{"@id":"https://hasznalt-ora.hu/hirdetes/vostok-komandirskie-submarine/#primaryimage"},"image":{"@id":"https://hasznalt-ora.hu/hirdetes/vostok-komandirskie-submarine/#primaryimage"},"thumbnailUrl":"https://hasznalt-ora.hu/wp-content/uploads/2025/03/photo_15_2025-02-24_14-33-37.jpg","datePublished":"2025-03-02T22:46:05+00:00","breadcrumb":{"@id":"https://hasznalt-ora.hu/hirdetes/vostok-komandirskie-submarine/#breadcrumb"},"inLanguage":"en-US","potentialAction":[{"@type":"ReadAction","target":["https://hasznalt-ora.hu/hirdetes/vostok-komandirskie-submarine/"]}]},{"@type":"ImageObject","inLanguage":"en-US","@id":"https://hasznalt-ora.hu/hirdetes/vostok-komandirskie-submarine/#primaryimage","url":"https://hasznalt-ora.hu/wp-content/uploads/2025/03/photo_15_2025-02-24_14-33-37.jpg","contentUrl":"https://hasznalt-ora.hu/wp-content/uploads/2025/03/photo_15_2025-02-24_14-33-37.jpg","width":960,"height":1280},{"@type":"BreadcrumbList","@id":"https://hasznalt-ora.hu/hirdetes/vostok-komandirskie-submarine/#breadcrumb","itemListElement":[{"@type":"ListItem","position":1,"name":"Kezdőlap","item":"https://hasznalt-ora.hu/"},{"@type":"ListItem","position":2,"name":"Vostok Komandirskie submarine"}]},{"@type":"WebSite","@id":"https://hasznalt-ora.hu/#website","url":"https://hasznalt-ora.hu/","name":"HASZNÁLT-ÓRA.HU","description":"A magyar használt óra piactér","publisher":{"@id":"https://hasznalt-ora.hu/#organization"},"potentialAction":[{"@type":"SearchAction","target":{"@type":"EntryPoint","urlTemplate":"https://hasznalt-ora.hu/?s={search_term_string}"},"query-input":{"@type":"PropertyValueSpecification","valueRequired":true,"valueName":"search_term_string"}}],"inLanguage":"en-US"},{"@type":"Organization","@id":"https://hasznalt-ora.hu/#organization","name":"HASZNÁLT-ÓRA.HU","url":"https://hasznalt-ora.hu/","logo":{"@type":"ImageObject","inLanguage":"en-US","@id":"https://hasznalt-ora.hu/#/schema/logo/image/","url":"https://hasznalt-ora.hu/wp-content/uploads/2021/07/hasznalt_ora_k_2-scaled.jpg","contentUrl":"https://hasznalt-ora.hu/wp-content/uploads/2021/07/hasznalt_ora_k_2-scaled.jpg","width":2560,"height":1612,"caption":"HASZNÁLT-ÓRA.HU"},"image":{"@id":"https://hasznalt-ora.hu/#/schema/logo/image/"},"sameAs":["https://www.facebook.com/groups/hasznaltorakpiactere"]}]}</script>
<!-- / Yoast SEO plugin. -->

Vostok Komandirskie submarine - HASZNÁLT-ÓRA.HU

Kezdőlap

HASZNÁLT-ÓRA.HU

A magyar használt óra piactér
