{"id":31149,"date":"2026-02-25T10:45:59","date_gmt":"2026-02-25T09:45:59","guid":{"rendered":"https:\/\/hasznalt-ora.hu\/hirdetes\/girard-perregaux-sea-hawk-7100\/"},"modified":"2026-02-25T10:45:59","modified_gmt":"2026-02-25T09:45:59","slug":"girard-perregaux-sea-hawk-7100-vilagvezeto-aron-eladocsereheto","status":"publish","type":"advert","link":"https:\/\/hasznalt-ora.hu\/en\/hirdetes\/girard-perregaux-sea-hawk-7100-vilagvezeto-aron-eladocsereheto\/","title":{"rendered":"Girard Perregaux Sea-Hawk 7100 vil\u00e1gvezet\u0151 \u00e1ron elad\u00f3,cser\u00e9het\u0151"},"content":{"rendered":"<p>Girard Perregaux Sea-Hawk 7100 az els\u0151 val\u00f3di b\u00fav\u00e1r\u00f3r\u00e1nak tervezett 38,5mm-es,de a hossz\u00fa tokf\u00fclek \u00e9s a hatalmas koronav\u00e9d\u0151 miatt j\u00f3val nagyobbnak hat\u00f3 gy\u00e1ri f\u00e9msz\u00edjjal,lollipop mutat\u00f3val \u00e9s egy ir\u00e1nyba forgathat\u00f3 b\u00fav\u00e1r l\u00fcnett\u00e1val szerelt ikon a nagynev\u0171 gy\u00e1rt\u00f3t\u00f3l.B\u00e1r a sea-hawk &#8220;tengeri-s\u00f3lyom vagy hal\u00e1szs\u00f3lyom&#8221;nevet m\u00e1r haszn\u00e1lta kor\u00e1bban a c\u00e9g a 60-as \u00e9vekben,de a n\u00e9vhez m\u00e9lt\u00f3 \u00e9s nem is ak\u00e1rmilyen hanem egyb\u0151l 500 m\u00e9teres v\u00edz\u00e1ll\u00f3s\u00e1g\u00fa ilyen nev\u0171 b\u00fav\u00e1r modellel 1988-ban mutatkozott el\u0151sz\u00f6r.Szellemi el\u0151dj\u00e9nek a c\u00e9g szint\u00e9n 60-as \u00e9vekbeli deep-diver modellje tekinthet\u0151.A 7100-as referencia sz\u00e1m\u00fa modell mind\u00f6ssze k\u00e9t \u00e9vig 1990-ig volt gy\u00e1rt\u00e1sban.Nagyon kis p\u00e1r sz\u00e1zdarabos sorsz\u00e1mozott modellsorozattal.Ebbe a modellbe a gy\u00e1r m\u00e9g a Lemania8810\/Longines990-en alapul\u00f3 GP 215-\u00f6s manufaktur\u00e1lis kalibert szerelte term\u00e9szetesen a nagynev\u0171 gy\u00e1rt\u00f3 szintj\u00e9hez m\u00e9lt\u00f3n k\u00e9zzel pol\u00edrozva \u00e9s \u00f6sszeszerelve.Az ezut\u00e1n k\u00f6vetkez\u0151 l\u00e1tsz\u00f3lag azonos,de m\u00e1r sokkal gyakoribb 7300-as referencia sz\u00e1m\u00fa modell\u00a0 m\u00e1r ETA 2892 alap\u00fa werkel van szerelve.Maga az elad\u00f3 \u00f3ra nagyon sz\u00e9p megk\u00edm\u00e9lt gy\u0171jtem\u00e9nyi,leszervizelt \u00e1llapotban egy fa d\u00edszdobozban elad\u00f3,cser\u00e9lhet\u0151 vil\u00e1gvezet\u0151 \u00e1ron!Az \u00f3ra 42-es sorsz\u00e1m\u00fa \u00edgy a gy\u00e1rt\u00e1s legelej\u00e9r\u0151l val\u00f3 ritka kincs.K\u00e9rem tekintse meg tov\u00e1bbi \u00f3r\u00e1imat!<\/p>","protected":false},"excerpt":{"rendered":"<p>Girard Perregaux Sea-Hawk 7100 az els\u0151 val\u00f3di b\u00fav\u00e1r\u00f3r\u00e1nak tervezett 38,5mm-es,de a hossz\u00fa tokf\u00fclek \u00e9s a hatalmas koronav\u00e9d\u0151 miatt j\u00f3val nagyobbnak hat\u00f3 gy\u00e1ri f\u00e9msz\u00edjjal,lollipop mutat\u00f3val \u00e9s egy ir\u00e1nyba forgathat\u00f3 b\u00fav\u00e1r l\u00fcnett\u00e1val szerelt ikon a nagynev\u0171 gy\u00e1rt\u00f3t\u00f3l.B\u00e1r a sea-hawk &#8220;tengeri-s\u00f3lyom vagy hal\u00e1szs\u00f3lyom&#8221;nevet m\u00e1r haszn\u00e1lta kor\u00e1bban a c\u00e9g a 60-as \u00e9vekben,de a n\u00e9vhez m\u00e9lt\u00f3 \u00e9s nem is ak\u00e1rmilyen&#8230;<\/p>","protected":false},"author":5968,"featured_media":31151,"comment_status":"closed","ping_status":"closed","template":"","advert-category":[3556,3914],"advert-location":[593,616],"class_list":["post-31149","advert","type-advert","status-publish","has-post-thumbnail","hentry","advert-category-girard-perregaux-orak","advert-category-karora","advert-location-budapest","advert-location-budapest-xxiii-kerulet","fizetesi-mod-keszpenz","szallitasi-mod-szemelyes-atvetel"],"yoast_head":"<!-- This site is optimized with the Yoast SEO plugin v26.3 - https:\/\/yoast.com\/wordpress\/plugins\/seo\/ -->\n<title>Girard Perregaux Sea-Hawk 7100 vil\u00e1gvezet\u0151 \u00e1ron elad\u00f3,cser\u00e9het\u0151 - HASZN\u00c1LT-\u00d3RA.HU<\/title>\n<meta name=\"robots\" content=\"index, follow, max-snippet:-1, max-image-preview:large, max-video-preview:-1\" \/>\n<link rel=\"canonical\" href=\"https:\/\/hasznalt-ora.hu\/en\/hirdetes\/girard-perregaux-sea-hawk-7100-vilagvezeto-aron-eladocsereheto\/\" \/>\n<meta name=\"twitter:label1\" content=\"Est. reading time\" \/>\n\t<meta name=\"twitter:data1\" content=\"1 minute\" \/>\n<script type=\"application\/ld+json\" class=\"yoast-schema-graph\">{\"@context\":\"https:\/\/schema.org\",\"@graph\":[{\"@type\":\"WebPage\",\"@id\":\"https:\/\/hasznalt-ora.hu\/hirdetes\/girard-perregaux-sea-hawk-7100-vilagvezeto-aron-eladocsereheto\/\",\"url\":\"https:\/\/hasznalt-ora.hu\/hirdetes\/girard-perregaux-sea-hawk-7100-vilagvezeto-aron-eladocsereheto\/\",\"name\":\"Girard Perregaux Sea-Hawk 7100 vil\u00e1gvezet\u0151 \u00e1ron elad\u00f3,cser\u00e9het\u0151 - HASZN\u00c1LT-\u00d3RA.HU\",\"isPartOf\":{\"@id\":\"https:\/\/hasznalt-ora.hu\/#website\"},\"primaryImageOfPage\":{\"@id\":\"https:\/\/hasznalt-ora.hu\/hirdetes\/girard-perregaux-sea-hawk-7100-vilagvezeto-aron-eladocsereheto\/#primaryimage\"},\"image\":{\"@id\":\"https:\/\/hasznalt-ora.hu\/hirdetes\/girard-perregaux-sea-hawk-7100-vilagvezeto-aron-eladocsereheto\/#primaryimage\"},\"thumbnailUrl\":\"https:\/\/hasznalt-ora.hu\/wp-content\/uploads\/2024\/11\/044.jpg\",\"datePublished\":\"2026-02-25T09:45:59+00:00\",\"breadcrumb\":{\"@id\":\"https:\/\/hasznalt-ora.hu\/hirdetes\/girard-perregaux-sea-hawk-7100-vilagvezeto-aron-eladocsereheto\/#breadcrumb\"},\"inLanguage\":\"en-US\",\"potentialAction\":[{\"@type\":\"ReadAction\",\"target\":[\"https:\/\/hasznalt-ora.hu\/hirdetes\/girard-perregaux-sea-hawk-7100-vilagvezeto-aron-eladocsereheto\/\"]}]},{\"@type\":\"ImageObject\",\"inLanguage\":\"en-US\",\"@id\":\"https:\/\/hasznalt-ora.hu\/hirdetes\/girard-perregaux-sea-hawk-7100-vilagvezeto-aron-eladocsereheto\/#primaryimage\",\"url\":\"https:\/\/hasznalt-ora.hu\/wp-content\/uploads\/2024\/11\/044.jpg\",\"contentUrl\":\"https:\/\/hasznalt-ora.hu\/wp-content\/uploads\/2024\/11\/044.jpg\",\"width\":1374,\"height\":2059},{\"@type\":\"BreadcrumbList\",\"@id\":\"https:\/\/hasznalt-ora.hu\/hirdetes\/girard-perregaux-sea-hawk-7100-vilagvezeto-aron-eladocsereheto\/#breadcrumb\",\"itemListElement\":[{\"@type\":\"ListItem\",\"position\":1,\"name\":\"Kezd\u0151lap\",\"item\":\"https:\/\/hasznalt-ora.hu\/\"},{\"@type\":\"ListItem\",\"position\":2,\"name\":\"Girard Perregaux Sea-Hawk 7100 vil\u00e1gvezet\u0151 \u00e1ron elad\u00f3,cser\u00e9het\u0151\"}]},{\"@type\":\"WebSite\",\"@id\":\"https:\/\/hasznalt-ora.hu\/#website\",\"url\":\"https:\/\/hasznalt-ora.hu\/\",\"name\":\"HASZN\u00c1LT-\u00d3RA.HU\",\"description\":\"A magyar haszn\u00e1lt \u00f3ra piact\u00e9r\",\"publisher\":{\"@id\":\"https:\/\/hasznalt-ora.hu\/#organization\"},\"potentialAction\":[{\"@type\":\"SearchAction\",\"target\":{\"@type\":\"EntryPoint\",\"urlTemplate\":\"https:\/\/hasznalt-ora.hu\/?s={search_term_string}\"},\"query-input\":{\"@type\":\"PropertyValueSpecification\",\"valueRequired\":true,\"valueName\":\"search_term_string\"}}],\"inLanguage\":\"en-US\"},{\"@type\":\"Organization\",\"@id\":\"https:\/\/hasznalt-ora.hu\/#organization\",\"name\":\"HASZN\u00c1LT-\u00d3RA.HU\",\"url\":\"https:\/\/hasznalt-ora.hu\/\",\"logo\":{\"@type\":\"ImageObject\",\"inLanguage\":\"en-US\",\"@id\":\"https:\/\/hasznalt-ora.hu\/#\/schema\/logo\/image\/\",\"url\":\"https:\/\/hasznalt-ora.hu\/wp-content\/uploads\/2021\/07\/hasznalt_ora_k_2-scaled.jpg\",\"contentUrl\":\"https:\/\/hasznalt-ora.hu\/wp-content\/uploads\/2021\/07\/hasznalt_ora_k_2-scaled.jpg\",\"width\":2560,\"height\":1612,\"caption\":\"HASZN\u00c1LT-\u00d3RA.HU\"},\"image\":{\"@id\":\"https:\/\/hasznalt-ora.hu\/#\/schema\/logo\/image\/\"},\"sameAs\":[\"https:\/\/www.facebook.com\/groups\/hasznaltorakpiactere\"]}]}<\/script>\n<!-- \/ Yoast SEO plugin. -->","yoast_head_json":{"title":"Girard Perregaux Sea-Hawk 7100 vil\u00e1gvezet\u0151 \u00e1ron elad\u00f3,cser\u00e9het\u0151 - HASZN\u00c1LT-\u00d3RA.HU","robots":{"index":"index","follow":"follow","max-snippet":"max-snippet:-1","max-image-preview":"max-image-preview:large","max-video-preview":"max-video-preview:-1"},"canonical":"https:\/\/hasznalt-ora.hu\/en\/hirdetes\/girard-perregaux-sea-hawk-7100-vilagvezeto-aron-eladocsereheto\/","twitter_misc":{"Est. reading time":"1 minute"},"schema":{"@context":"https:\/\/schema.org","@graph":[{"@type":"WebPage","@id":"https:\/\/hasznalt-ora.hu\/hirdetes\/girard-perregaux-sea-hawk-7100-vilagvezeto-aron-eladocsereheto\/","url":"https:\/\/hasznalt-ora.hu\/hirdetes\/girard-perregaux-sea-hawk-7100-vilagvezeto-aron-eladocsereheto\/","name":"Girard Perregaux Sea-Hawk 7100 vil\u00e1gvezet\u0151 \u00e1ron elad\u00f3,cser\u00e9het\u0151 - HASZN\u00c1LT-\u00d3RA.HU","isPartOf":{"@id":"https:\/\/hasznalt-ora.hu\/#website"},"primaryImageOfPage":{"@id":"https:\/\/hasznalt-ora.hu\/hirdetes\/girard-perregaux-sea-hawk-7100-vilagvezeto-aron-eladocsereheto\/#primaryimage"},"image":{"@id":"https:\/\/hasznalt-ora.hu\/hirdetes\/girard-perregaux-sea-hawk-7100-vilagvezeto-aron-eladocsereheto\/#primaryimage"},"thumbnailUrl":"https:\/\/hasznalt-ora.hu\/wp-content\/uploads\/2024\/11\/044.jpg","datePublished":"2026-02-25T09:45:59+00:00","breadcrumb":{"@id":"https:\/\/hasznalt-ora.hu\/hirdetes\/girard-perregaux-sea-hawk-7100-vilagvezeto-aron-eladocsereheto\/#breadcrumb"},"inLanguage":"en-US","potentialAction":[{"@type":"ReadAction","target":["https:\/\/hasznalt-ora.hu\/hirdetes\/girard-perregaux-sea-hawk-7100-vilagvezeto-aron-eladocsereheto\/"]}]},{"@type":"ImageObject","inLanguage":"en-US","@id":"https:\/\/hasznalt-ora.hu\/hirdetes\/girard-perregaux-sea-hawk-7100-vilagvezeto-aron-eladocsereheto\/#primaryimage","url":"https:\/\/hasznalt-ora.hu\/wp-content\/uploads\/2024\/11\/044.jpg","contentUrl":"https:\/\/hasznalt-ora.hu\/wp-content\/uploads\/2024\/11\/044.jpg","width":1374,"height":2059},{"@type":"BreadcrumbList","@id":"https:\/\/hasznalt-ora.hu\/hirdetes\/girard-perregaux-sea-hawk-7100-vilagvezeto-aron-eladocsereheto\/#breadcrumb","itemListElement":[{"@type":"ListItem","position":1,"name":"Kezd\u0151lap","item":"https:\/\/hasznalt-ora.hu\/"},{"@type":"ListItem","position":2,"name":"Girard Perregaux Sea-Hawk 7100 vil\u00e1gvezet\u0151 \u00e1ron elad\u00f3,cser\u00e9het\u0151"}]},{"@type":"WebSite","@id":"https:\/\/hasznalt-ora.hu\/#website","url":"https:\/\/hasznalt-ora.hu\/","name":"HASZN\u00c1LT-\u00d3RA.HU","description":"A magyar haszn\u00e1lt \u00f3ra piact\u00e9r","publisher":{"@id":"https:\/\/hasznalt-ora.hu\/#organization"},"potentialAction":[{"@type":"SearchAction","target":{"@type":"EntryPoint","urlTemplate":"https:\/\/hasznalt-ora.hu\/?s={search_term_string}"},"query-input":{"@type":"PropertyValueSpecification","valueRequired":true,"valueName":"search_term_string"}}],"inLanguage":"en-US"},{"@type":"Organization","@id":"https:\/\/hasznalt-ora.hu\/#organization","name":"HASZN\u00c1LT-\u00d3RA.HU","url":"https:\/\/hasznalt-ora.hu\/","logo":{"@type":"ImageObject","inLanguage":"en-US","@id":"https:\/\/hasznalt-ora.hu\/#\/schema\/logo\/image\/","url":"https:\/\/hasznalt-ora.hu\/wp-content\/uploads\/2021\/07\/hasznalt_ora_k_2-scaled.jpg","contentUrl":"https:\/\/hasznalt-ora.hu\/wp-content\/uploads\/2021\/07\/hasznalt_ora_k_2-scaled.jpg","width":2560,"height":1612,"caption":"HASZN\u00c1LT-\u00d3RA.HU"},"image":{"@id":"https:\/\/hasznalt-ora.hu\/#\/schema\/logo\/image\/"},"sameAs":["https:\/\/www.facebook.com\/groups\/hasznaltorakpiactere"]}]}},"_links":{"self":[{"href":"https:\/\/hasznalt-ora.hu\/en\/wp-json\/wp\/v2\/advert\/31149","targetHints":{"allow":["GET"]}}],"collection":[{"href":"https:\/\/hasznalt-ora.hu\/en\/wp-json\/wp\/v2\/advert"}],"about":[{"href":"https:\/\/hasznalt-ora.hu\/en\/wp-json\/wp\/v2\/types\/advert"}],"author":[{"embeddable":true,"href":"https:\/\/hasznalt-ora.hu\/en\/wp-json\/wp\/v2\/users\/5968"}],"replies":[{"embeddable":true,"href":"https:\/\/hasznalt-ora.hu\/en\/wp-json\/wp\/v2\/comments?post=31149"}],"wp:featuredmedia":[{"embeddable":true,"href":"https:\/\/hasznalt-ora.hu\/en\/wp-json\/wp\/v2\/media\/31151"}],"wp:attachment":[{"href":"https:\/\/hasznalt-ora.hu\/en\/wp-json\/wp\/v2\/media?parent=31149"}],"wp:term":[{"taxonomy":"advert-category","embeddable":true,"href":"https:\/\/hasznalt-ora.hu\/en\/wp-json\/wp\/v2\/advert-category?post=31149"},{"taxonomy":"advert-location","embeddable":true,"href":"https:\/\/hasznalt-ora.hu\/en\/wp-json\/wp\/v2\/advert-location?post=31149"}],"curies":[{"name":"wp","href":"https:\/\/api.w.org\/{rel}","templated":true}]}}

Girard Perregaux Sea-Hawk 7100 világvezető áron eladó,cseréhető

<p>Girard Perregaux Sea-Hawk 7100 az első valódi búvárórának tervezett 38,5mm-es,de a hosszú tokfülek és a hatalmas koronavédő miatt jóval nagyobbnak ható gyári fémszíjjal,lollipop mutatóval és egy irányba forgatható búvár lünettával szerelt ikon a nagynevű gyártótól.Bár a sea-hawk &#8220;tengeri-sólyom vagy halászsólyom&#8221;nevet már használta korábban a cég a 60-as években,de a névhez méltó és nem is akármilyen hanem egyből 500 méteres vízállóságú ilyen nevű búvár modellel 1988-ban mutatkozott először.Szellemi elődjének a cég szintén 60-as évekbeli deep-diver modellje tekinthető.A 7100-as referencia számú modell mindössze két évig 1990-ig volt gyártásban.Nagyon kis pár százdarabos sorszámozott modellsorozattal.Ebbe a modellbe a gyár még a Lemania8810/Longines990-en alapuló GP 215-ös manufakturális kalibert szerelte természetesen a nagynevű gyártó szintjéhez méltón kézzel polírozva és összeszerelve.Az ezután következő látszólag azonos,de már sokkal gyakoribb 7300-as referencia számú modell  már ETA 2892 alapú werkel van szerelve.Maga az eladó óra nagyon szép megkímélt gyűjteményi,leszervizelt állapotban egy fa díszdobozban eladó,cserélhető világvezető áron!Az óra 42-es sorszámú így a gyártás legelejéről való ritka kincs.Kérem tekintse meg további óráimat!</p>

<p>Girard Perregaux Sea-Hawk 7100 az első valódi búvárórának tervezett 38,5mm-es,de a hosszú tokfülek és a hatalmas koronavédő miatt jóval nagyobbnak ható gyári fémszíjjal,lollipop mutatóval és egy irányba forgatható búvár lünettával szerelt ikon a nagynevű gyártótól.Bár a sea-hawk &#8220;tengeri-sólyom vagy halászsólyom&#8221;nevet már használta korábban a cég a 60-as években,de a névhez méltó és nem is akármilyen&#8230;</p>

<!-- This site is optimized with the Yoast SEO plugin v26.3 - https://yoast.com/wordpress/plugins/seo/ -->
<title>Girard Perregaux Sea-Hawk 7100 világvezető áron eladó,cseréhető - HASZNÁLT-ÓRA.HU</title>
<meta name="robots" content="index, follow, max-snippet:-1, max-image-preview:large, max-video-preview:-1" />
<link rel="canonical" href="https://hasznalt-ora.hu/en/hirdetes/girard-perregaux-sea-hawk-7100-vilagvezeto-aron-eladocsereheto/" />
<meta name="twitter:label1" content="Est. reading time" />
	<meta name="twitter:data1" content="1 minute" />
<script type="application/ld+json" class="yoast-schema-graph">{"@context":"https://schema.org","@graph":[{"@type":"WebPage","@id":"https://hasznalt-ora.hu/hirdetes/girard-perregaux-sea-hawk-7100-vilagvezeto-aron-eladocsereheto/","url":"https://hasznalt-ora.hu/hirdetes/girard-perregaux-sea-hawk-7100-vilagvezeto-aron-eladocsereheto/","name":"Girard Perregaux Sea-Hawk 7100 világvezető áron eladó,cseréhető - HASZNÁLT-ÓRA.HU","isPartOf":{"@id":"https://hasznalt-ora.hu/#website"},"primaryImageOfPage":{"@id":"https://hasznalt-ora.hu/hirdetes/girard-perregaux-sea-hawk-7100-vilagvezeto-aron-eladocsereheto/#primaryimage"},"image":{"@id":"https://hasznalt-ora.hu/hirdetes/girard-perregaux-sea-hawk-7100-vilagvezeto-aron-eladocsereheto/#primaryimage"},"thumbnailUrl":"https://hasznalt-ora.hu/wp-content/uploads/2024/11/044.jpg","datePublished":"2026-02-25T09:45:59+00:00","breadcrumb":{"@id":"https://hasznalt-ora.hu/hirdetes/girard-perregaux-sea-hawk-7100-vilagvezeto-aron-eladocsereheto/#breadcrumb"},"inLanguage":"en-US","potentialAction":[{"@type":"ReadAction","target":["https://hasznalt-ora.hu/hirdetes/girard-perregaux-sea-hawk-7100-vilagvezeto-aron-eladocsereheto/"]}]},{"@type":"ImageObject","inLanguage":"en-US","@id":"https://hasznalt-ora.hu/hirdetes/girard-perregaux-sea-hawk-7100-vilagvezeto-aron-eladocsereheto/#primaryimage","url":"https://hasznalt-ora.hu/wp-content/uploads/2024/11/044.jpg","contentUrl":"https://hasznalt-ora.hu/wp-content/uploads/2024/11/044.jpg","width":1374,"height":2059},{"@type":"BreadcrumbList","@id":"https://hasznalt-ora.hu/hirdetes/girard-perregaux-sea-hawk-7100-vilagvezeto-aron-eladocsereheto/#breadcrumb","itemListElement":[{"@type":"ListItem","position":1,"name":"Kezdőlap","item":"https://hasznalt-ora.hu/"},{"@type":"ListItem","position":2,"name":"Girard Perregaux Sea-Hawk 7100 világvezető áron eladó,cseréhető"}]},{"@type":"WebSite","@id":"https://hasznalt-ora.hu/#website","url":"https://hasznalt-ora.hu/","name":"HASZNÁLT-ÓRA.HU","description":"A magyar használt óra piactér","publisher":{"@id":"https://hasznalt-ora.hu/#organization"},"potentialAction":[{"@type":"SearchAction","target":{"@type":"EntryPoint","urlTemplate":"https://hasznalt-ora.hu/?s={search_term_string}"},"query-input":{"@type":"PropertyValueSpecification","valueRequired":true,"valueName":"search_term_string"}}],"inLanguage":"en-US"},{"@type":"Organization","@id":"https://hasznalt-ora.hu/#organization","name":"HASZNÁLT-ÓRA.HU","url":"https://hasznalt-ora.hu/","logo":{"@type":"ImageObject","inLanguage":"en-US","@id":"https://hasznalt-ora.hu/#/schema/logo/image/","url":"https://hasznalt-ora.hu/wp-content/uploads/2021/07/hasznalt_ora_k_2-scaled.jpg","contentUrl":"https://hasznalt-ora.hu/wp-content/uploads/2021/07/hasznalt_ora_k_2-scaled.jpg","width":2560,"height":1612,"caption":"HASZNÁLT-ÓRA.HU"},"image":{"@id":"https://hasznalt-ora.hu/#/schema/logo/image/"},"sameAs":["https://www.facebook.com/groups/hasznaltorakpiactere"]}]}</script>
<!-- / Yoast SEO plugin. -->

Girard Perregaux Sea-Hawk 7100 világvezető áron eladó,cseréhető - HASZNÁLT-ÓRA.HU

Kezdőlap

HASZNÁLT-ÓRA.HU

A magyar használt óra piactér
