{"id":30529,"date":"2024-10-04T13:50:57","date_gmt":"2024-10-04T11:50:57","guid":{"rendered":"https:\/\/hasznalt-ora.hu\/hirdetes\/elado-seiko-prospex-solar-speedtimer\/"},"modified":"2024-10-05T18:01:54","modified_gmt":"2024-10-05T16:01:54","slug":"elado-seiko-prospex-solar-speedtimer","status":"publish","type":"advert","link":"https:\/\/hasznalt-ora.hu\/en\/hirdetes\/elado-seiko-prospex-solar-speedtimer\/","title":{"rendered":"Elad\u00f3 Seiko Prospex Solar Speedtimer"},"content":{"rendered":"<p>Seiko Prospex Solar Speedtimer alig haszn\u00e1lt nincs 1 \u00e9ves. J\u00f3t\u00e1ll\u00e1ssal egy\u00fctt elad\u00f3.<\/p>\n<p>Tok anyaga: Nemesac\u00e9l<\/p>\n<p>\u00a0Sz\u00edj anyaga: Nemesac\u00e9l<\/p>\n<p>\u00a0Sz\u00edj sz\u00e9less\u00e9ge: (tokn\u00e1l\/csatn\u00e1l) 20mm<i aria-hidden=\"true\"><\/i> \u00dcveg: Zaf\u00edr<\/p>\n<p>V\u00edz\u00e1ll\u00f3s\u00e1g: 100m<\/p>\n<p>\u00d3ratok m\u00e9rete: 39 mm<i aria-hidden=\"true\"><\/i><\/p>\n<p>Szerkezet: Solar<\/p>","protected":false},"excerpt":{"rendered":"<p>Seiko Prospex Solar Speedtimer alig haszn\u00e1lt nincs 1 \u00e9ves. J\u00f3t\u00e1ll\u00e1ssal egy\u00fctt elad\u00f3. Tok anyaga: Nemesac\u00e9l \u00a0Sz\u00edj anyaga: Nemesac\u00e9l \u00a0Sz\u00edj sz\u00e9less\u00e9ge: (tokn\u00e1l\/csatn\u00e1l) 20mm \u00dcveg: Zaf\u00edr V\u00edz\u00e1ll\u00f3s\u00e1g: 100m \u00d3ratok m\u00e9rete: 39 mm Szerkezet: Solar<\/p>","protected":false},"author":7424,"featured_media":30530,"comment_status":"open","ping_status":"closed","template":"","advert-category":[3914,3770],"advert-location":[1142,197],"class_list":["post-30529","advert","type-advert","status-publish","has-post-thumbnail","hentry","advert-category-karora","advert-category-seiko","advert-location-gyor","advert-location-gyor-moson-sopron-varmegye","fizetesi-mod-atutalas","mukodese-solar","nem-ferfi","oratok-atmeroje-4129","szallitasi-mod-posta","szij-fajtaja-nemesacel","szij-szelessege-mm-4119","vizallosag-100-meter-10-bar-10atm"],"yoast_head":"<!-- This site is optimized with the Yoast SEO plugin v26.3 - https:\/\/yoast.com\/wordpress\/plugins\/seo\/ -->\n<title>Elad\u00f3 Seiko Prospex Solar Speedtimer - HASZN\u00c1LT-\u00d3RA.HU<\/title>\n<meta name=\"robots\" content=\"index, follow, max-snippet:-1, max-image-preview:large, max-video-preview:-1\" \/>\n<link rel=\"canonical\" href=\"https:\/\/hasznalt-ora.hu\/en\/hirdetes\/elado-seiko-prospex-solar-speedtimer\/\" \/>\n<script type=\"application\/ld+json\" class=\"yoast-schema-graph\">{\"@context\":\"https:\/\/schema.org\",\"@graph\":[{\"@type\":\"WebPage\",\"@id\":\"https:\/\/hasznalt-ora.hu\/hirdetes\/elado-seiko-prospex-solar-speedtimer\/\",\"url\":\"https:\/\/hasznalt-ora.hu\/hirdetes\/elado-seiko-prospex-solar-speedtimer\/\",\"name\":\"Elad\u00f3 Seiko Prospex Solar Speedtimer - HASZN\u00c1LT-\u00d3RA.HU\",\"isPartOf\":{\"@id\":\"https:\/\/hasznalt-ora.hu\/#website\"},\"primaryImageOfPage\":{\"@id\":\"https:\/\/hasznalt-ora.hu\/hirdetes\/elado-seiko-prospex-solar-speedtimer\/#primaryimage\"},\"image\":{\"@id\":\"https:\/\/hasznalt-ora.hu\/hirdetes\/elado-seiko-prospex-solar-speedtimer\/#primaryimage\"},\"thumbnailUrl\":\"https:\/\/hasznalt-ora.hu\/wp-content\/uploads\/2024\/10\/image-scaled.jpg\",\"datePublished\":\"2024-10-04T11:50:57+00:00\",\"dateModified\":\"2024-10-05T16:01:54+00:00\",\"breadcrumb\":{\"@id\":\"https:\/\/hasznalt-ora.hu\/hirdetes\/elado-seiko-prospex-solar-speedtimer\/#breadcrumb\"},\"inLanguage\":\"en-US\",\"potentialAction\":[{\"@type\":\"ReadAction\",\"target\":[\"https:\/\/hasznalt-ora.hu\/hirdetes\/elado-seiko-prospex-solar-speedtimer\/\"]}]},{\"@type\":\"ImageObject\",\"inLanguage\":\"en-US\",\"@id\":\"https:\/\/hasznalt-ora.hu\/hirdetes\/elado-seiko-prospex-solar-speedtimer\/#primaryimage\",\"url\":\"https:\/\/hasznalt-ora.hu\/wp-content\/uploads\/2024\/10\/image-scaled.jpg\",\"contentUrl\":\"https:\/\/hasznalt-ora.hu\/wp-content\/uploads\/2024\/10\/image-scaled.jpg\",\"width\":1920,\"height\":2560},{\"@type\":\"BreadcrumbList\",\"@id\":\"https:\/\/hasznalt-ora.hu\/hirdetes\/elado-seiko-prospex-solar-speedtimer\/#breadcrumb\",\"itemListElement\":[{\"@type\":\"ListItem\",\"position\":1,\"name\":\"Kezd\u0151lap\",\"item\":\"https:\/\/hasznalt-ora.hu\/\"},{\"@type\":\"ListItem\",\"position\":2,\"name\":\"Elad\u00f3 Seiko Prospex Solar Speedtimer\"}]},{\"@type\":\"WebSite\",\"@id\":\"https:\/\/hasznalt-ora.hu\/#website\",\"url\":\"https:\/\/hasznalt-ora.hu\/\",\"name\":\"HASZN\u00c1LT-\u00d3RA.HU\",\"description\":\"A magyar haszn\u00e1lt \u00f3ra piact\u00e9r\",\"publisher\":{\"@id\":\"https:\/\/hasznalt-ora.hu\/#organization\"},\"potentialAction\":[{\"@type\":\"SearchAction\",\"target\":{\"@type\":\"EntryPoint\",\"urlTemplate\":\"https:\/\/hasznalt-ora.hu\/?s={search_term_string}\"},\"query-input\":{\"@type\":\"PropertyValueSpecification\",\"valueRequired\":true,\"valueName\":\"search_term_string\"}}],\"inLanguage\":\"en-US\"},{\"@type\":\"Organization\",\"@id\":\"https:\/\/hasznalt-ora.hu\/#organization\",\"name\":\"HASZN\u00c1LT-\u00d3RA.HU\",\"url\":\"https:\/\/hasznalt-ora.hu\/\",\"logo\":{\"@type\":\"ImageObject\",\"inLanguage\":\"en-US\",\"@id\":\"https:\/\/hasznalt-ora.hu\/#\/schema\/logo\/image\/\",\"url\":\"https:\/\/hasznalt-ora.hu\/wp-content\/uploads\/2021\/07\/hasznalt_ora_k_2-scaled.jpg\",\"contentUrl\":\"https:\/\/hasznalt-ora.hu\/wp-content\/uploads\/2021\/07\/hasznalt_ora_k_2-scaled.jpg\",\"width\":2560,\"height\":1612,\"caption\":\"HASZN\u00c1LT-\u00d3RA.HU\"},\"image\":{\"@id\":\"https:\/\/hasznalt-ora.hu\/#\/schema\/logo\/image\/\"},\"sameAs\":[\"https:\/\/www.facebook.com\/groups\/hasznaltorakpiactere\"]}]}<\/script>\n<!-- \/ Yoast SEO plugin. -->","yoast_head_json":{"title":"Elad\u00f3 Seiko Prospex Solar Speedtimer - HASZN\u00c1LT-\u00d3RA.HU","robots":{"index":"index","follow":"follow","max-snippet":"max-snippet:-1","max-image-preview":"max-image-preview:large","max-video-preview":"max-video-preview:-1"},"canonical":"https:\/\/hasznalt-ora.hu\/en\/hirdetes\/elado-seiko-prospex-solar-speedtimer\/","schema":{"@context":"https:\/\/schema.org","@graph":[{"@type":"WebPage","@id":"https:\/\/hasznalt-ora.hu\/hirdetes\/elado-seiko-prospex-solar-speedtimer\/","url":"https:\/\/hasznalt-ora.hu\/hirdetes\/elado-seiko-prospex-solar-speedtimer\/","name":"Elad\u00f3 Seiko Prospex Solar Speedtimer - HASZN\u00c1LT-\u00d3RA.HU","isPartOf":{"@id":"https:\/\/hasznalt-ora.hu\/#website"},"primaryImageOfPage":{"@id":"https:\/\/hasznalt-ora.hu\/hirdetes\/elado-seiko-prospex-solar-speedtimer\/#primaryimage"},"image":{"@id":"https:\/\/hasznalt-ora.hu\/hirdetes\/elado-seiko-prospex-solar-speedtimer\/#primaryimage"},"thumbnailUrl":"https:\/\/hasznalt-ora.hu\/wp-content\/uploads\/2024\/10\/image-scaled.jpg","datePublished":"2024-10-04T11:50:57+00:00","dateModified":"2024-10-05T16:01:54+00:00","breadcrumb":{"@id":"https:\/\/hasznalt-ora.hu\/hirdetes\/elado-seiko-prospex-solar-speedtimer\/#breadcrumb"},"inLanguage":"en-US","potentialAction":[{"@type":"ReadAction","target":["https:\/\/hasznalt-ora.hu\/hirdetes\/elado-seiko-prospex-solar-speedtimer\/"]}]},{"@type":"ImageObject","inLanguage":"en-US","@id":"https:\/\/hasznalt-ora.hu\/hirdetes\/elado-seiko-prospex-solar-speedtimer\/#primaryimage","url":"https:\/\/hasznalt-ora.hu\/wp-content\/uploads\/2024\/10\/image-scaled.jpg","contentUrl":"https:\/\/hasznalt-ora.hu\/wp-content\/uploads\/2024\/10\/image-scaled.jpg","width":1920,"height":2560},{"@type":"BreadcrumbList","@id":"https:\/\/hasznalt-ora.hu\/hirdetes\/elado-seiko-prospex-solar-speedtimer\/#breadcrumb","itemListElement":[{"@type":"ListItem","position":1,"name":"Kezd\u0151lap","item":"https:\/\/hasznalt-ora.hu\/"},{"@type":"ListItem","position":2,"name":"Elad\u00f3 Seiko Prospex Solar Speedtimer"}]},{"@type":"WebSite","@id":"https:\/\/hasznalt-ora.hu\/#website","url":"https:\/\/hasznalt-ora.hu\/","name":"HASZN\u00c1LT-\u00d3RA.HU","description":"A magyar haszn\u00e1lt \u00f3ra piact\u00e9r","publisher":{"@id":"https:\/\/hasznalt-ora.hu\/#organization"},"potentialAction":[{"@type":"SearchAction","target":{"@type":"EntryPoint","urlTemplate":"https:\/\/hasznalt-ora.hu\/?s={search_term_string}"},"query-input":{"@type":"PropertyValueSpecification","valueRequired":true,"valueName":"search_term_string"}}],"inLanguage":"en-US"},{"@type":"Organization","@id":"https:\/\/hasznalt-ora.hu\/#organization","name":"HASZN\u00c1LT-\u00d3RA.HU","url":"https:\/\/hasznalt-ora.hu\/","logo":{"@type":"ImageObject","inLanguage":"en-US","@id":"https:\/\/hasznalt-ora.hu\/#\/schema\/logo\/image\/","url":"https:\/\/hasznalt-ora.hu\/wp-content\/uploads\/2021\/07\/hasznalt_ora_k_2-scaled.jpg","contentUrl":"https:\/\/hasznalt-ora.hu\/wp-content\/uploads\/2021\/07\/hasznalt_ora_k_2-scaled.jpg","width":2560,"height":1612,"caption":"HASZN\u00c1LT-\u00d3RA.HU"},"image":{"@id":"https:\/\/hasznalt-ora.hu\/#\/schema\/logo\/image\/"},"sameAs":["https:\/\/www.facebook.com\/groups\/hasznaltorakpiactere"]}]}},"_links":{"self":[{"href":"https:\/\/hasznalt-ora.hu\/en\/wp-json\/wp\/v2\/advert\/30529","targetHints":{"allow":["GET"]}}],"collection":[{"href":"https:\/\/hasznalt-ora.hu\/en\/wp-json\/wp\/v2\/advert"}],"about":[{"href":"https:\/\/hasznalt-ora.hu\/en\/wp-json\/wp\/v2\/types\/advert"}],"author":[{"embeddable":true,"href":"https:\/\/hasznalt-ora.hu\/en\/wp-json\/wp\/v2\/users\/7424"}],"replies":[{"embeddable":true,"href":"https:\/\/hasznalt-ora.hu\/en\/wp-json\/wp\/v2\/comments?post=30529"}],"wp:featuredmedia":[{"embeddable":true,"href":"https:\/\/hasznalt-ora.hu\/en\/wp-json\/wp\/v2\/media\/30530"}],"wp:attachment":[{"href":"https:\/\/hasznalt-ora.hu\/en\/wp-json\/wp\/v2\/media?parent=30529"}],"wp:term":[{"taxonomy":"advert-category","embeddable":true,"href":"https:\/\/hasznalt-ora.hu\/en\/wp-json\/wp\/v2\/advert-category?post=30529"},{"taxonomy":"advert-location","embeddable":true,"href":"https:\/\/hasznalt-ora.hu\/en\/wp-json\/wp\/v2\/advert-location?post=30529"}],"curies":[{"name":"wp","href":"https:\/\/api.w.org\/{rel}","templated":true}]}}

Eladó Seiko Prospex Solar Speedtimer

<p>Seiko Prospex Solar Speedtimer alig használt nincs 1 éves. Jótállással együtt eladó.</p>
<p>Tok anyaga: Nemesacél</p>
<p> Szíj anyaga: Nemesacél</p>
<p> Szíj szélessége: (toknál/csatnál) 20mm<i aria-hidden="true"></i> Üveg: Zafír</p>
<p>Vízállóság: 100m</p>
<p>Óratok mérete: 39 mm<i aria-hidden="true"></i></p>
<p>Szerkezet: Solar</p>

<p>Seiko Prospex Solar Speedtimer alig használt nincs 1 éves. Jótállással együtt eladó. Tok anyaga: Nemesacél  Szíj anyaga: Nemesacél  Szíj szélessége: (toknál/csatnál) 20mm Üveg: Zafír Vízállóság: 100m Óratok mérete: 39 mm Szerkezet: Solar</p>

<!-- This site is optimized with the Yoast SEO plugin v26.3 - https://yoast.com/wordpress/plugins/seo/ -->
<title>Eladó Seiko Prospex Solar Speedtimer - HASZNÁLT-ÓRA.HU</title>
<meta name="robots" content="index, follow, max-snippet:-1, max-image-preview:large, max-video-preview:-1" />
<link rel="canonical" href="https://hasznalt-ora.hu/en/hirdetes/elado-seiko-prospex-solar-speedtimer/" />
<script type="application/ld+json" class="yoast-schema-graph">{"@context":"https://schema.org","@graph":[{"@type":"WebPage","@id":"https://hasznalt-ora.hu/hirdetes/elado-seiko-prospex-solar-speedtimer/","url":"https://hasznalt-ora.hu/hirdetes/elado-seiko-prospex-solar-speedtimer/","name":"Eladó Seiko Prospex Solar Speedtimer - HASZNÁLT-ÓRA.HU","isPartOf":{"@id":"https://hasznalt-ora.hu/#website"},"primaryImageOfPage":{"@id":"https://hasznalt-ora.hu/hirdetes/elado-seiko-prospex-solar-speedtimer/#primaryimage"},"image":{"@id":"https://hasznalt-ora.hu/hirdetes/elado-seiko-prospex-solar-speedtimer/#primaryimage"},"thumbnailUrl":"https://hasznalt-ora.hu/wp-content/uploads/2024/10/image-scaled.jpg","datePublished":"2024-10-04T11:50:57+00:00","dateModified":"2024-10-05T16:01:54+00:00","breadcrumb":{"@id":"https://hasznalt-ora.hu/hirdetes/elado-seiko-prospex-solar-speedtimer/#breadcrumb"},"inLanguage":"en-US","potentialAction":[{"@type":"ReadAction","target":["https://hasznalt-ora.hu/hirdetes/elado-seiko-prospex-solar-speedtimer/"]}]},{"@type":"ImageObject","inLanguage":"en-US","@id":"https://hasznalt-ora.hu/hirdetes/elado-seiko-prospex-solar-speedtimer/#primaryimage","url":"https://hasznalt-ora.hu/wp-content/uploads/2024/10/image-scaled.jpg","contentUrl":"https://hasznalt-ora.hu/wp-content/uploads/2024/10/image-scaled.jpg","width":1920,"height":2560},{"@type":"BreadcrumbList","@id":"https://hasznalt-ora.hu/hirdetes/elado-seiko-prospex-solar-speedtimer/#breadcrumb","itemListElement":[{"@type":"ListItem","position":1,"name":"Kezdőlap","item":"https://hasznalt-ora.hu/"},{"@type":"ListItem","position":2,"name":"Eladó Seiko Prospex Solar Speedtimer"}]},{"@type":"WebSite","@id":"https://hasznalt-ora.hu/#website","url":"https://hasznalt-ora.hu/","name":"HASZNÁLT-ÓRA.HU","description":"A magyar használt óra piactér","publisher":{"@id":"https://hasznalt-ora.hu/#organization"},"potentialAction":[{"@type":"SearchAction","target":{"@type":"EntryPoint","urlTemplate":"https://hasznalt-ora.hu/?s={search_term_string}"},"query-input":{"@type":"PropertyValueSpecification","valueRequired":true,"valueName":"search_term_string"}}],"inLanguage":"en-US"},{"@type":"Organization","@id":"https://hasznalt-ora.hu/#organization","name":"HASZNÁLT-ÓRA.HU","url":"https://hasznalt-ora.hu/","logo":{"@type":"ImageObject","inLanguage":"en-US","@id":"https://hasznalt-ora.hu/#/schema/logo/image/","url":"https://hasznalt-ora.hu/wp-content/uploads/2021/07/hasznalt_ora_k_2-scaled.jpg","contentUrl":"https://hasznalt-ora.hu/wp-content/uploads/2021/07/hasznalt_ora_k_2-scaled.jpg","width":2560,"height":1612,"caption":"HASZNÁLT-ÓRA.HU"},"image":{"@id":"https://hasznalt-ora.hu/#/schema/logo/image/"},"sameAs":["https://www.facebook.com/groups/hasznaltorakpiactere"]}]}</script>
<!-- / Yoast SEO plugin. -->

Eladó Seiko Prospex Solar Speedtimer - HASZNÁLT-ÓRA.HU

Kezdőlap

HASZNÁLT-ÓRA.HU

A magyar használt óra piactér
