{"id":30442,"date":"2024-09-27T21:18:36","date_gmt":"2024-09-27T19:18:36","guid":{"rendered":"https:\/\/hasznalt-ora.hu\/hirdetes\/tommy-hilfiger-gavin-kronograf-teljes-szett\/"},"modified":"2024-09-27T21:18:36","modified_gmt":"2024-09-27T19:18:36","slug":"tommy-hilfiger-gavin-kronograf-teljes-szett","status":"publish","type":"advert","link":"https:\/\/hasznalt-ora.hu\/en\/hirdetes\/tommy-hilfiger-gavin-kronograf-teljes-szett\/","title":{"rendered":"Tommy Hilfiger Gavin kronogr\u00e1f teljes szett"},"content":{"rendered":"<p><strong>B\u00e1zisadatok<\/strong><\/p>\n<p>M\u00e1rka: Tommy Hilfiger<\/p>\n<p>Hivatkoz\u00e1si sz\u00e1m: 1791468<\/p>\n<p>M\u0171k\u00f6d\u00e9se: Kvarc<\/p>\n<p>A tok anyaga: Ac\u00e9l<\/p>\n<p>Sz\u00edj anyaga: Marhab\u0151r<\/p>\n<p>Gy\u00e1rt\u00e1si \u00e9v: 2023<\/p>\n<p>\u00c1llapota: \u00dajszer\u0171 \u00e9s nem viselt<\/p>\n<p>Eredeti dobozzal, eredeti dokumentumokkal<\/p>\n<p>Nem: F\u00e9rfi kar\u00f3ra\/Uniszex<\/p>\n<p>Fellelhet\u0151s\u00e9g: Budapest, Pilisv\u00f6r\u00f6sv\u00e1r<\/p>\n<p>\u00a0<\/p>\n<p><strong>Kaliber<\/strong><\/p>\n<p>M\u0171k\u00f6d\u00e9se: Kvarc<\/p>\n<p><strong>Tok<\/strong><\/p>\n<p>A tok anyaga: Ac\u00e9l<\/p>\n<p>\u00c1tm\u00e9r\u0151: 44 mm<\/p>\n<p>Sz\u00e1mlap: K\u00e9k<\/p>\n<p><strong>Sz\u00edj<\/strong><\/p>\n<p>Sz\u00edj anyaga: Marhab\u0151r<\/p>\n<p>Sz\u00edj sz\u00edne: Fekete<\/p>","protected":false},"excerpt":{"rendered":"<p>B\u00e1zisadatok M\u00e1rka: Tommy Hilfiger Hivatkoz\u00e1si sz\u00e1m: 1791468 M\u0171k\u00f6d\u00e9se: Kvarc A tok anyaga: Ac\u00e9l Sz\u00edj anyaga: Marhab\u0151r Gy\u00e1rt\u00e1si \u00e9v: 2023 \u00c1llapota: \u00dajszer\u0171 \u00e9s nem viselt Eredeti dobozzal, eredeti dokumentumokkal Nem: F\u00e9rfi kar\u00f3ra\/Uniszex Fellelhet\u0151s\u00e9g: Budapest, Pilisv\u00f6r\u00f6sv\u00e1r \u00a0 Kaliber M\u0171k\u00f6d\u00e9se: Kvarc Tok A tok anyaga: Ac\u00e9l \u00c1tm\u00e9r\u0151: 44 mm Sz\u00e1mlap: K\u00e9k Sz\u00edj Sz\u00edj anyaga: Marhab\u0151r Sz\u00edj sz\u00edne: Fekete<\/p>","protected":false},"author":7832,"featured_media":30444,"comment_status":"open","ping_status":"closed","template":"","advert-category":[3914,3810],"advert-location":[200,2394],"class_list":["post-30442","advert","type-advert","status-publish","has-post-thumbnail","hentry","advert-category-karora","advert-category-tommy-hilfiger","advert-location-pest-varmegye","advert-location-pilisvorosvar","fizetesi-mod-atutalas","fizetesi-mod-keszpenz","gyartasi-ev-4620","tommy-hilfiger-modell-4947","mukodese-kvarc","nem-ferfi","oratok-atmeroje-4111","stilus-hetkoznapi","stilus-sportos","szallitasi-mod-foxpost","szallitasi-mod-futarszolgalat","szallitasi-mod-packeta","szallitasi-mod-posta","szallitasi-mod-szemelyes-atvetel","szamlap-tipusa-analog"],"yoast_head":"<!-- This site is optimized with the Yoast SEO plugin v26.3 - https:\/\/yoast.com\/wordpress\/plugins\/seo\/ -->\n<title>Tommy Hilfiger Gavin kronogr\u00e1f teljes szett - HASZN\u00c1LT-\u00d3RA.HU<\/title>\n<meta name=\"robots\" content=\"index, follow, max-snippet:-1, max-image-preview:large, max-video-preview:-1\" \/>\n<link rel=\"canonical\" href=\"https:\/\/hasznalt-ora.hu\/en\/hirdetes\/tommy-hilfiger-gavin-kronograf-teljes-szett\/\" \/>\n<script type=\"application\/ld+json\" class=\"yoast-schema-graph\">{\"@context\":\"https:\/\/schema.org\",\"@graph\":[{\"@type\":\"WebPage\",\"@id\":\"https:\/\/hasznalt-ora.hu\/hirdetes\/tommy-hilfiger-gavin-kronograf-teljes-szett\/\",\"url\":\"https:\/\/hasznalt-ora.hu\/hirdetes\/tommy-hilfiger-gavin-kronograf-teljes-szett\/\",\"name\":\"Tommy Hilfiger Gavin kronogr\u00e1f teljes szett - HASZN\u00c1LT-\u00d3RA.HU\",\"isPartOf\":{\"@id\":\"https:\/\/hasznalt-ora.hu\/#website\"},\"primaryImageOfPage\":{\"@id\":\"https:\/\/hasznalt-ora.hu\/hirdetes\/tommy-hilfiger-gavin-kronograf-teljes-szett\/#primaryimage\"},\"image\":{\"@id\":\"https:\/\/hasznalt-ora.hu\/hirdetes\/tommy-hilfiger-gavin-kronograf-teljes-szett\/#primaryimage\"},\"thumbnailUrl\":\"https:\/\/hasznalt-ora.hu\/wp-content\/uploads\/2024\/09\/1000013728-scaled.jpg\",\"datePublished\":\"2024-09-27T19:18:36+00:00\",\"breadcrumb\":{\"@id\":\"https:\/\/hasznalt-ora.hu\/hirdetes\/tommy-hilfiger-gavin-kronograf-teljes-szett\/#breadcrumb\"},\"inLanguage\":\"en-US\",\"potentialAction\":[{\"@type\":\"ReadAction\",\"target\":[\"https:\/\/hasznalt-ora.hu\/hirdetes\/tommy-hilfiger-gavin-kronograf-teljes-szett\/\"]}]},{\"@type\":\"ImageObject\",\"inLanguage\":\"en-US\",\"@id\":\"https:\/\/hasznalt-ora.hu\/hirdetes\/tommy-hilfiger-gavin-kronograf-teljes-szett\/#primaryimage\",\"url\":\"https:\/\/hasznalt-ora.hu\/wp-content\/uploads\/2024\/09\/1000013728-scaled.jpg\",\"contentUrl\":\"https:\/\/hasznalt-ora.hu\/wp-content\/uploads\/2024\/09\/1000013728-scaled.jpg\",\"width\":1920,\"height\":2560},{\"@type\":\"BreadcrumbList\",\"@id\":\"https:\/\/hasznalt-ora.hu\/hirdetes\/tommy-hilfiger-gavin-kronograf-teljes-szett\/#breadcrumb\",\"itemListElement\":[{\"@type\":\"ListItem\",\"position\":1,\"name\":\"Kezd\u0151lap\",\"item\":\"https:\/\/hasznalt-ora.hu\/\"},{\"@type\":\"ListItem\",\"position\":2,\"name\":\"Tommy Hilfiger Gavin kronogr\u00e1f teljes szett\"}]},{\"@type\":\"WebSite\",\"@id\":\"https:\/\/hasznalt-ora.hu\/#website\",\"url\":\"https:\/\/hasznalt-ora.hu\/\",\"name\":\"HASZN\u00c1LT-\u00d3RA.HU\",\"description\":\"A magyar haszn\u00e1lt \u00f3ra piact\u00e9r\",\"publisher\":{\"@id\":\"https:\/\/hasznalt-ora.hu\/#organization\"},\"potentialAction\":[{\"@type\":\"SearchAction\",\"target\":{\"@type\":\"EntryPoint\",\"urlTemplate\":\"https:\/\/hasznalt-ora.hu\/?s={search_term_string}\"},\"query-input\":{\"@type\":\"PropertyValueSpecification\",\"valueRequired\":true,\"valueName\":\"search_term_string\"}}],\"inLanguage\":\"en-US\"},{\"@type\":\"Organization\",\"@id\":\"https:\/\/hasznalt-ora.hu\/#organization\",\"name\":\"HASZN\u00c1LT-\u00d3RA.HU\",\"url\":\"https:\/\/hasznalt-ora.hu\/\",\"logo\":{\"@type\":\"ImageObject\",\"inLanguage\":\"en-US\",\"@id\":\"https:\/\/hasznalt-ora.hu\/#\/schema\/logo\/image\/\",\"url\":\"https:\/\/hasznalt-ora.hu\/wp-content\/uploads\/2021\/07\/hasznalt_ora_k_2-scaled.jpg\",\"contentUrl\":\"https:\/\/hasznalt-ora.hu\/wp-content\/uploads\/2021\/07\/hasznalt_ora_k_2-scaled.jpg\",\"width\":2560,\"height\":1612,\"caption\":\"HASZN\u00c1LT-\u00d3RA.HU\"},\"image\":{\"@id\":\"https:\/\/hasznalt-ora.hu\/#\/schema\/logo\/image\/\"},\"sameAs\":[\"https:\/\/www.facebook.com\/groups\/hasznaltorakpiactere\"]}]}<\/script>\n<!-- \/ Yoast SEO plugin. -->","yoast_head_json":{"title":"Tommy Hilfiger Gavin kronogr\u00e1f teljes szett - HASZN\u00c1LT-\u00d3RA.HU","robots":{"index":"index","follow":"follow","max-snippet":"max-snippet:-1","max-image-preview":"max-image-preview:large","max-video-preview":"max-video-preview:-1"},"canonical":"https:\/\/hasznalt-ora.hu\/en\/hirdetes\/tommy-hilfiger-gavin-kronograf-teljes-szett\/","schema":{"@context":"https:\/\/schema.org","@graph":[{"@type":"WebPage","@id":"https:\/\/hasznalt-ora.hu\/hirdetes\/tommy-hilfiger-gavin-kronograf-teljes-szett\/","url":"https:\/\/hasznalt-ora.hu\/hirdetes\/tommy-hilfiger-gavin-kronograf-teljes-szett\/","name":"Tommy Hilfiger Gavin kronogr\u00e1f teljes szett - HASZN\u00c1LT-\u00d3RA.HU","isPartOf":{"@id":"https:\/\/hasznalt-ora.hu\/#website"},"primaryImageOfPage":{"@id":"https:\/\/hasznalt-ora.hu\/hirdetes\/tommy-hilfiger-gavin-kronograf-teljes-szett\/#primaryimage"},"image":{"@id":"https:\/\/hasznalt-ora.hu\/hirdetes\/tommy-hilfiger-gavin-kronograf-teljes-szett\/#primaryimage"},"thumbnailUrl":"https:\/\/hasznalt-ora.hu\/wp-content\/uploads\/2024\/09\/1000013728-scaled.jpg","datePublished":"2024-09-27T19:18:36+00:00","breadcrumb":{"@id":"https:\/\/hasznalt-ora.hu\/hirdetes\/tommy-hilfiger-gavin-kronograf-teljes-szett\/#breadcrumb"},"inLanguage":"en-US","potentialAction":[{"@type":"ReadAction","target":["https:\/\/hasznalt-ora.hu\/hirdetes\/tommy-hilfiger-gavin-kronograf-teljes-szett\/"]}]},{"@type":"ImageObject","inLanguage":"en-US","@id":"https:\/\/hasznalt-ora.hu\/hirdetes\/tommy-hilfiger-gavin-kronograf-teljes-szett\/#primaryimage","url":"https:\/\/hasznalt-ora.hu\/wp-content\/uploads\/2024\/09\/1000013728-scaled.jpg","contentUrl":"https:\/\/hasznalt-ora.hu\/wp-content\/uploads\/2024\/09\/1000013728-scaled.jpg","width":1920,"height":2560},{"@type":"BreadcrumbList","@id":"https:\/\/hasznalt-ora.hu\/hirdetes\/tommy-hilfiger-gavin-kronograf-teljes-szett\/#breadcrumb","itemListElement":[{"@type":"ListItem","position":1,"name":"Kezd\u0151lap","item":"https:\/\/hasznalt-ora.hu\/"},{"@type":"ListItem","position":2,"name":"Tommy Hilfiger Gavin kronogr\u00e1f teljes szett"}]},{"@type":"WebSite","@id":"https:\/\/hasznalt-ora.hu\/#website","url":"https:\/\/hasznalt-ora.hu\/","name":"HASZN\u00c1LT-\u00d3RA.HU","description":"A magyar haszn\u00e1lt \u00f3ra piact\u00e9r","publisher":{"@id":"https:\/\/hasznalt-ora.hu\/#organization"},"potentialAction":[{"@type":"SearchAction","target":{"@type":"EntryPoint","urlTemplate":"https:\/\/hasznalt-ora.hu\/?s={search_term_string}"},"query-input":{"@type":"PropertyValueSpecification","valueRequired":true,"valueName":"search_term_string"}}],"inLanguage":"en-US"},{"@type":"Organization","@id":"https:\/\/hasznalt-ora.hu\/#organization","name":"HASZN\u00c1LT-\u00d3RA.HU","url":"https:\/\/hasznalt-ora.hu\/","logo":{"@type":"ImageObject","inLanguage":"en-US","@id":"https:\/\/hasznalt-ora.hu\/#\/schema\/logo\/image\/","url":"https:\/\/hasznalt-ora.hu\/wp-content\/uploads\/2021\/07\/hasznalt_ora_k_2-scaled.jpg","contentUrl":"https:\/\/hasznalt-ora.hu\/wp-content\/uploads\/2021\/07\/hasznalt_ora_k_2-scaled.jpg","width":2560,"height":1612,"caption":"HASZN\u00c1LT-\u00d3RA.HU"},"image":{"@id":"https:\/\/hasznalt-ora.hu\/#\/schema\/logo\/image\/"},"sameAs":["https:\/\/www.facebook.com\/groups\/hasznaltorakpiactere"]}]}},"_links":{"self":[{"href":"https:\/\/hasznalt-ora.hu\/en\/wp-json\/wp\/v2\/advert\/30442","targetHints":{"allow":["GET"]}}],"collection":[{"href":"https:\/\/hasznalt-ora.hu\/en\/wp-json\/wp\/v2\/advert"}],"about":[{"href":"https:\/\/hasznalt-ora.hu\/en\/wp-json\/wp\/v2\/types\/advert"}],"author":[{"embeddable":true,"href":"https:\/\/hasznalt-ora.hu\/en\/wp-json\/wp\/v2\/users\/7832"}],"replies":[{"embeddable":true,"href":"https:\/\/hasznalt-ora.hu\/en\/wp-json\/wp\/v2\/comments?post=30442"}],"wp:featuredmedia":[{"embeddable":true,"href":"https:\/\/hasznalt-ora.hu\/en\/wp-json\/wp\/v2\/media\/30444"}],"wp:attachment":[{"href":"https:\/\/hasznalt-ora.hu\/en\/wp-json\/wp\/v2\/media?parent=30442"}],"wp:term":[{"taxonomy":"advert-category","embeddable":true,"href":"https:\/\/hasznalt-ora.hu\/en\/wp-json\/wp\/v2\/advert-category?post=30442"},{"taxonomy":"advert-location","embeddable":true,"href":"https:\/\/hasznalt-ora.hu\/en\/wp-json\/wp\/v2\/advert-location?post=30442"}],"curies":[{"name":"wp","href":"https:\/\/api.w.org\/{rel}","templated":true}]}}

Tommy Hilfiger Gavin kronográf teljes szett

<p><strong>Bázisadatok</strong></p>
<p>Márka: Tommy Hilfiger</p>
<p>Hivatkozási szám: 1791468</p>
<p>Működése: Kvarc</p>
<p>A tok anyaga: Acél</p>
<p>Szíj anyaga: Marhabőr</p>
<p>Gyártási év: 2023</p>
<p>Állapota: Újszerű és nem viselt</p>
<p>Eredeti dobozzal, eredeti dokumentumokkal</p>
<p>Nem: Férfi karóra/Uniszex</p>
<p>Fellelhetőség: Budapest, Pilisvörösvár</p>
<p> </p>
<p><strong>Kaliber</strong></p>
<p>Működése: Kvarc</p>
<p><strong>Tok</strong></p>
<p>A tok anyaga: Acél</p>
<p>Átmérő: 44 mm</p>
<p>Számlap: Kék</p>
<p><strong>Szíj</strong></p>
<p>Szíj anyaga: Marhabőr</p>
<p>Szíj színe: Fekete</p>

<p>Bázisadatok Márka: Tommy Hilfiger Hivatkozási szám: 1791468 Működése: Kvarc A tok anyaga: Acél Szíj anyaga: Marhabőr Gyártási év: 2023 Állapota: Újszerű és nem viselt Eredeti dobozzal, eredeti dokumentumokkal Nem: Férfi karóra/Uniszex Fellelhetőség: Budapest, Pilisvörösvár   Kaliber Működése: Kvarc Tok A tok anyaga: Acél Átmérő: 44 mm Számlap: Kék Szíj Szíj anyaga: Marhabőr Szíj színe: Fekete</p>

<!-- This site is optimized with the Yoast SEO plugin v26.3 - https://yoast.com/wordpress/plugins/seo/ -->
<title>Tommy Hilfiger Gavin kronográf teljes szett - HASZNÁLT-ÓRA.HU</title>
<meta name="robots" content="index, follow, max-snippet:-1, max-image-preview:large, max-video-preview:-1" />
<link rel="canonical" href="https://hasznalt-ora.hu/en/hirdetes/tommy-hilfiger-gavin-kronograf-teljes-szett/" />
<script type="application/ld+json" class="yoast-schema-graph">{"@context":"https://schema.org","@graph":[{"@type":"WebPage","@id":"https://hasznalt-ora.hu/hirdetes/tommy-hilfiger-gavin-kronograf-teljes-szett/","url":"https://hasznalt-ora.hu/hirdetes/tommy-hilfiger-gavin-kronograf-teljes-szett/","name":"Tommy Hilfiger Gavin kronográf teljes szett - HASZNÁLT-ÓRA.HU","isPartOf":{"@id":"https://hasznalt-ora.hu/#website"},"primaryImageOfPage":{"@id":"https://hasznalt-ora.hu/hirdetes/tommy-hilfiger-gavin-kronograf-teljes-szett/#primaryimage"},"image":{"@id":"https://hasznalt-ora.hu/hirdetes/tommy-hilfiger-gavin-kronograf-teljes-szett/#primaryimage"},"thumbnailUrl":"https://hasznalt-ora.hu/wp-content/uploads/2024/09/1000013728-scaled.jpg","datePublished":"2024-09-27T19:18:36+00:00","breadcrumb":{"@id":"https://hasznalt-ora.hu/hirdetes/tommy-hilfiger-gavin-kronograf-teljes-szett/#breadcrumb"},"inLanguage":"en-US","potentialAction":[{"@type":"ReadAction","target":["https://hasznalt-ora.hu/hirdetes/tommy-hilfiger-gavin-kronograf-teljes-szett/"]}]},{"@type":"ImageObject","inLanguage":"en-US","@id":"https://hasznalt-ora.hu/hirdetes/tommy-hilfiger-gavin-kronograf-teljes-szett/#primaryimage","url":"https://hasznalt-ora.hu/wp-content/uploads/2024/09/1000013728-scaled.jpg","contentUrl":"https://hasznalt-ora.hu/wp-content/uploads/2024/09/1000013728-scaled.jpg","width":1920,"height":2560},{"@type":"BreadcrumbList","@id":"https://hasznalt-ora.hu/hirdetes/tommy-hilfiger-gavin-kronograf-teljes-szett/#breadcrumb","itemListElement":[{"@type":"ListItem","position":1,"name":"Kezdőlap","item":"https://hasznalt-ora.hu/"},{"@type":"ListItem","position":2,"name":"Tommy Hilfiger Gavin kronográf teljes szett"}]},{"@type":"WebSite","@id":"https://hasznalt-ora.hu/#website","url":"https://hasznalt-ora.hu/","name":"HASZNÁLT-ÓRA.HU","description":"A magyar használt óra piactér","publisher":{"@id":"https://hasznalt-ora.hu/#organization"},"potentialAction":[{"@type":"SearchAction","target":{"@type":"EntryPoint","urlTemplate":"https://hasznalt-ora.hu/?s={search_term_string}"},"query-input":{"@type":"PropertyValueSpecification","valueRequired":true,"valueName":"search_term_string"}}],"inLanguage":"en-US"},{"@type":"Organization","@id":"https://hasznalt-ora.hu/#organization","name":"HASZNÁLT-ÓRA.HU","url":"https://hasznalt-ora.hu/","logo":{"@type":"ImageObject","inLanguage":"en-US","@id":"https://hasznalt-ora.hu/#/schema/logo/image/","url":"https://hasznalt-ora.hu/wp-content/uploads/2021/07/hasznalt_ora_k_2-scaled.jpg","contentUrl":"https://hasznalt-ora.hu/wp-content/uploads/2021/07/hasznalt_ora_k_2-scaled.jpg","width":2560,"height":1612,"caption":"HASZNÁLT-ÓRA.HU"},"image":{"@id":"https://hasznalt-ora.hu/#/schema/logo/image/"},"sameAs":["https://www.facebook.com/groups/hasznaltorakpiactere"]}]}</script>
<!-- / Yoast SEO plugin. -->

Tommy Hilfiger Gavin kronográf teljes szett - HASZNÁLT-ÓRA.HU

Kezdőlap

HASZNÁLT-ÓRA.HU

A magyar használt óra piactér
