{"id":13062,"date":"2022-11-08T09:02:55","date_gmt":"2022-11-08T08:02:55","guid":{"rendered":"https:\/\/hasznalt-ora.hu\/hirdetes\/tag-heuer-full-szett-elado-ar-alatt\/"},"modified":"2022-11-08T09:02:55","modified_gmt":"2022-11-08T08:02:55","slug":"tag-heuer-full-szett-elado-ar-alatt","status":"publish","type":"advert","link":"https:\/\/hasznalt-ora.hu\/en\/hirdetes\/tag-heuer-full-szett-elado-ar-alatt\/","title":{"rendered":"Tag Heuer full szett elad\u00f3 \u00e1r alatt"},"content":{"rendered":"<p>Elad\u00f3 a k\u00e9pen l\u00e1that\u00f3 Full Szettes Tag Heuer b\u00fav\u00e1r \u00f3ra &#8211; csodasz\u00e9p darab!most volt szervizelve &#8211; csodasz\u00e9pen j\u00e1r &#8211; hib\u00e1ja nincs!<\/p>\n<p>Nem karcos &#8211; \u00e9s nem \u00f6ssze keverend\u0151 a replik\u00e1kkal! Ezt a s\u00falya \u00e9s a h\u00e1tlapon l\u00e9v\u0151 grav\u00edroz\u00e1s is t\u00fckr\u00f6zi<\/p>\n<p>Ez az \u00e1r m\u00e1r fix\u2026<\/p>\n<p>Csere nem \u00e9rdekel!<\/p>","protected":false},"excerpt":{"rendered":"<p>Elad\u00f3 a k\u00e9pen l\u00e1that\u00f3 Full Szettes Tag Heuer b\u00fav\u00e1r \u00f3ra &#8211; csodasz\u00e9p darab!most volt szervizelve &#8211; csodasz\u00e9pen j\u00e1r &#8211; hib\u00e1ja nincs! Nem karcos &#8211; \u00e9s nem \u00f6ssze keverend\u0151 a replik\u00e1kkal! Ezt a s\u00falya \u00e9s a h\u00e1tlapon l\u00e9v\u0151 grav\u00edroz\u00e1s is t\u00fckr\u00f6zi Ez az \u00e1r m\u00e1r fix\u2026 Csere nem \u00e9rdekel!<\/p>","protected":false},"author":6091,"featured_media":13064,"comment_status":"open","ping_status":"closed","template":"","advert-category":[3914,3792],"advert-location":[779,245],"class_list":["post-13062","advert","type-advert","status-publish","has-post-thumbnail","hentry","advert-category-karora","advert-category-tag-heuer","advert-location-debrecen","advert-location-hajdu-bihar-varmegye","tag-heuer-modell-aquaracer"],"yoast_head":"<!-- This site is optimized with the Yoast SEO plugin v26.3 - https:\/\/yoast.com\/wordpress\/plugins\/seo\/ -->\n<title>Tag Heuer full szett elad\u00f3 \u00e1r alatt - HASZN\u00c1LT-\u00d3RA.HU<\/title>\n<meta name=\"robots\" content=\"index, follow, max-snippet:-1, max-image-preview:large, max-video-preview:-1\" \/>\n<link rel=\"canonical\" href=\"https:\/\/hasznalt-ora.hu\/en\/hirdetes\/tag-heuer-full-szett-elado-ar-alatt\/\" \/>\n<script type=\"application\/ld+json\" class=\"yoast-schema-graph\">{\"@context\":\"https:\/\/schema.org\",\"@graph\":[{\"@type\":\"WebPage\",\"@id\":\"https:\/\/hasznalt-ora.hu\/hirdetes\/tag-heuer-full-szett-elado-ar-alatt\/\",\"url\":\"https:\/\/hasznalt-ora.hu\/hirdetes\/tag-heuer-full-szett-elado-ar-alatt\/\",\"name\":\"Tag Heuer full szett elad\u00f3 \u00e1r alatt - HASZN\u00c1LT-\u00d3RA.HU\",\"isPartOf\":{\"@id\":\"https:\/\/hasznalt-ora.hu\/#website\"},\"primaryImageOfPage\":{\"@id\":\"https:\/\/hasznalt-ora.hu\/hirdetes\/tag-heuer-full-szett-elado-ar-alatt\/#primaryimage\"},\"image\":{\"@id\":\"https:\/\/hasznalt-ora.hu\/hirdetes\/tag-heuer-full-szett-elado-ar-alatt\/#primaryimage\"},\"thumbnailUrl\":\"https:\/\/hasznalt-ora.hu\/wp-content\/uploads\/2022\/11\/39FB8D87-7F71-42D9-8B9E-931C01854B04-scaled.jpeg\",\"datePublished\":\"2022-11-08T08:02:55+00:00\",\"breadcrumb\":{\"@id\":\"https:\/\/hasznalt-ora.hu\/hirdetes\/tag-heuer-full-szett-elado-ar-alatt\/#breadcrumb\"},\"inLanguage\":\"en-US\",\"potentialAction\":[{\"@type\":\"ReadAction\",\"target\":[\"https:\/\/hasznalt-ora.hu\/hirdetes\/tag-heuer-full-szett-elado-ar-alatt\/\"]}]},{\"@type\":\"ImageObject\",\"inLanguage\":\"en-US\",\"@id\":\"https:\/\/hasznalt-ora.hu\/hirdetes\/tag-heuer-full-szett-elado-ar-alatt\/#primaryimage\",\"url\":\"https:\/\/hasznalt-ora.hu\/wp-content\/uploads\/2022\/11\/39FB8D87-7F71-42D9-8B9E-931C01854B04-scaled.jpeg\",\"contentUrl\":\"https:\/\/hasznalt-ora.hu\/wp-content\/uploads\/2022\/11\/39FB8D87-7F71-42D9-8B9E-931C01854B04-scaled.jpeg\",\"width\":2048,\"height\":2560},{\"@type\":\"BreadcrumbList\",\"@id\":\"https:\/\/hasznalt-ora.hu\/hirdetes\/tag-heuer-full-szett-elado-ar-alatt\/#breadcrumb\",\"itemListElement\":[{\"@type\":\"ListItem\",\"position\":1,\"name\":\"Kezd\u0151lap\",\"item\":\"https:\/\/hasznalt-ora.hu\/\"},{\"@type\":\"ListItem\",\"position\":2,\"name\":\"Tag Heuer full szett elad\u00f3 \u00e1r alatt\"}]},{\"@type\":\"WebSite\",\"@id\":\"https:\/\/hasznalt-ora.hu\/#website\",\"url\":\"https:\/\/hasznalt-ora.hu\/\",\"name\":\"HASZN\u00c1LT-\u00d3RA.HU\",\"description\":\"A magyar haszn\u00e1lt \u00f3ra piact\u00e9r\",\"publisher\":{\"@id\":\"https:\/\/hasznalt-ora.hu\/#organization\"},\"potentialAction\":[{\"@type\":\"SearchAction\",\"target\":{\"@type\":\"EntryPoint\",\"urlTemplate\":\"https:\/\/hasznalt-ora.hu\/?s={search_term_string}\"},\"query-input\":{\"@type\":\"PropertyValueSpecification\",\"valueRequired\":true,\"valueName\":\"search_term_string\"}}],\"inLanguage\":\"en-US\"},{\"@type\":\"Organization\",\"@id\":\"https:\/\/hasznalt-ora.hu\/#organization\",\"name\":\"HASZN\u00c1LT-\u00d3RA.HU\",\"url\":\"https:\/\/hasznalt-ora.hu\/\",\"logo\":{\"@type\":\"ImageObject\",\"inLanguage\":\"en-US\",\"@id\":\"https:\/\/hasznalt-ora.hu\/#\/schema\/logo\/image\/\",\"url\":\"https:\/\/hasznalt-ora.hu\/wp-content\/uploads\/2021\/07\/hasznalt_ora_k_2-scaled.jpg\",\"contentUrl\":\"https:\/\/hasznalt-ora.hu\/wp-content\/uploads\/2021\/07\/hasznalt_ora_k_2-scaled.jpg\",\"width\":2560,\"height\":1612,\"caption\":\"HASZN\u00c1LT-\u00d3RA.HU\"},\"image\":{\"@id\":\"https:\/\/hasznalt-ora.hu\/#\/schema\/logo\/image\/\"},\"sameAs\":[\"https:\/\/www.facebook.com\/groups\/hasznaltorakpiactere\"]}]}<\/script>\n<!-- \/ Yoast SEO plugin. -->","yoast_head_json":{"title":"Tag Heuer full szett elad\u00f3 \u00e1r alatt - HASZN\u00c1LT-\u00d3RA.HU","robots":{"index":"index","follow":"follow","max-snippet":"max-snippet:-1","max-image-preview":"max-image-preview:large","max-video-preview":"max-video-preview:-1"},"canonical":"https:\/\/hasznalt-ora.hu\/en\/hirdetes\/tag-heuer-full-szett-elado-ar-alatt\/","schema":{"@context":"https:\/\/schema.org","@graph":[{"@type":"WebPage","@id":"https:\/\/hasznalt-ora.hu\/hirdetes\/tag-heuer-full-szett-elado-ar-alatt\/","url":"https:\/\/hasznalt-ora.hu\/hirdetes\/tag-heuer-full-szett-elado-ar-alatt\/","name":"Tag Heuer full szett elad\u00f3 \u00e1r alatt - HASZN\u00c1LT-\u00d3RA.HU","isPartOf":{"@id":"https:\/\/hasznalt-ora.hu\/#website"},"primaryImageOfPage":{"@id":"https:\/\/hasznalt-ora.hu\/hirdetes\/tag-heuer-full-szett-elado-ar-alatt\/#primaryimage"},"image":{"@id":"https:\/\/hasznalt-ora.hu\/hirdetes\/tag-heuer-full-szett-elado-ar-alatt\/#primaryimage"},"thumbnailUrl":"https:\/\/hasznalt-ora.hu\/wp-content\/uploads\/2022\/11\/39FB8D87-7F71-42D9-8B9E-931C01854B04-scaled.jpeg","datePublished":"2022-11-08T08:02:55+00:00","breadcrumb":{"@id":"https:\/\/hasznalt-ora.hu\/hirdetes\/tag-heuer-full-szett-elado-ar-alatt\/#breadcrumb"},"inLanguage":"en-US","potentialAction":[{"@type":"ReadAction","target":["https:\/\/hasznalt-ora.hu\/hirdetes\/tag-heuer-full-szett-elado-ar-alatt\/"]}]},{"@type":"ImageObject","inLanguage":"en-US","@id":"https:\/\/hasznalt-ora.hu\/hirdetes\/tag-heuer-full-szett-elado-ar-alatt\/#primaryimage","url":"https:\/\/hasznalt-ora.hu\/wp-content\/uploads\/2022\/11\/39FB8D87-7F71-42D9-8B9E-931C01854B04-scaled.jpeg","contentUrl":"https:\/\/hasznalt-ora.hu\/wp-content\/uploads\/2022\/11\/39FB8D87-7F71-42D9-8B9E-931C01854B04-scaled.jpeg","width":2048,"height":2560},{"@type":"BreadcrumbList","@id":"https:\/\/hasznalt-ora.hu\/hirdetes\/tag-heuer-full-szett-elado-ar-alatt\/#breadcrumb","itemListElement":[{"@type":"ListItem","position":1,"name":"Kezd\u0151lap","item":"https:\/\/hasznalt-ora.hu\/"},{"@type":"ListItem","position":2,"name":"Tag Heuer full szett elad\u00f3 \u00e1r alatt"}]},{"@type":"WebSite","@id":"https:\/\/hasznalt-ora.hu\/#website","url":"https:\/\/hasznalt-ora.hu\/","name":"HASZN\u00c1LT-\u00d3RA.HU","description":"A magyar haszn\u00e1lt \u00f3ra piact\u00e9r","publisher":{"@id":"https:\/\/hasznalt-ora.hu\/#organization"},"potentialAction":[{"@type":"SearchAction","target":{"@type":"EntryPoint","urlTemplate":"https:\/\/hasznalt-ora.hu\/?s={search_term_string}"},"query-input":{"@type":"PropertyValueSpecification","valueRequired":true,"valueName":"search_term_string"}}],"inLanguage":"en-US"},{"@type":"Organization","@id":"https:\/\/hasznalt-ora.hu\/#organization","name":"HASZN\u00c1LT-\u00d3RA.HU","url":"https:\/\/hasznalt-ora.hu\/","logo":{"@type":"ImageObject","inLanguage":"en-US","@id":"https:\/\/hasznalt-ora.hu\/#\/schema\/logo\/image\/","url":"https:\/\/hasznalt-ora.hu\/wp-content\/uploads\/2021\/07\/hasznalt_ora_k_2-scaled.jpg","contentUrl":"https:\/\/hasznalt-ora.hu\/wp-content\/uploads\/2021\/07\/hasznalt_ora_k_2-scaled.jpg","width":2560,"height":1612,"caption":"HASZN\u00c1LT-\u00d3RA.HU"},"image":{"@id":"https:\/\/hasznalt-ora.hu\/#\/schema\/logo\/image\/"},"sameAs":["https:\/\/www.facebook.com\/groups\/hasznaltorakpiactere"]}]}},"_links":{"self":[{"href":"https:\/\/hasznalt-ora.hu\/en\/wp-json\/wp\/v2\/advert\/13062","targetHints":{"allow":["GET"]}}],"collection":[{"href":"https:\/\/hasznalt-ora.hu\/en\/wp-json\/wp\/v2\/advert"}],"about":[{"href":"https:\/\/hasznalt-ora.hu\/en\/wp-json\/wp\/v2\/types\/advert"}],"author":[{"embeddable":true,"href":"https:\/\/hasznalt-ora.hu\/en\/wp-json\/wp\/v2\/users\/6091"}],"replies":[{"embeddable":true,"href":"https:\/\/hasznalt-ora.hu\/en\/wp-json\/wp\/v2\/comments?post=13062"}],"wp:featuredmedia":[{"embeddable":true,"href":"https:\/\/hasznalt-ora.hu\/en\/wp-json\/wp\/v2\/media\/13064"}],"wp:attachment":[{"href":"https:\/\/hasznalt-ora.hu\/en\/wp-json\/wp\/v2\/media?parent=13062"}],"wp:term":[{"taxonomy":"advert-category","embeddable":true,"href":"https:\/\/hasznalt-ora.hu\/en\/wp-json\/wp\/v2\/advert-category?post=13062"},{"taxonomy":"advert-location","embeddable":true,"href":"https:\/\/hasznalt-ora.hu\/en\/wp-json\/wp\/v2\/advert-location?post=13062"}],"curies":[{"name":"wp","href":"https:\/\/api.w.org\/{rel}","templated":true}]}}

Tag Heuer full szett eladó ár alatt

<p>Eladó a képen látható Full Szettes Tag Heuer búvár óra &#8211; csodaszép darab!most volt szervizelve &#8211; csodaszépen jár &#8211; hibája nincs!</p>
<p>Nem karcos &#8211; és nem össze keverendő a replikákkal! Ezt a súlya és a hátlapon lévő gravírozás is tükrözi</p>
<p>Ez az ár már fix…</p>
<p>Csere nem érdekel!</p>

<p>Eladó a képen látható Full Szettes Tag Heuer búvár óra &#8211; csodaszép darab!most volt szervizelve &#8211; csodaszépen jár &#8211; hibája nincs! Nem karcos &#8211; és nem össze keverendő a replikákkal! Ezt a súlya és a hátlapon lévő gravírozás is tükrözi Ez az ár már fix… Csere nem érdekel!</p>

<!-- This site is optimized with the Yoast SEO plugin v26.3 - https://yoast.com/wordpress/plugins/seo/ -->
<title>Tag Heuer full szett eladó ár alatt - HASZNÁLT-ÓRA.HU</title>
<meta name="robots" content="index, follow, max-snippet:-1, max-image-preview:large, max-video-preview:-1" />
<link rel="canonical" href="https://hasznalt-ora.hu/en/hirdetes/tag-heuer-full-szett-elado-ar-alatt/" />
<script type="application/ld+json" class="yoast-schema-graph">{"@context":"https://schema.org","@graph":[{"@type":"WebPage","@id":"https://hasznalt-ora.hu/hirdetes/tag-heuer-full-szett-elado-ar-alatt/","url":"https://hasznalt-ora.hu/hirdetes/tag-heuer-full-szett-elado-ar-alatt/","name":"Tag Heuer full szett eladó ár alatt - HASZNÁLT-ÓRA.HU","isPartOf":{"@id":"https://hasznalt-ora.hu/#website"},"primaryImageOfPage":{"@id":"https://hasznalt-ora.hu/hirdetes/tag-heuer-full-szett-elado-ar-alatt/#primaryimage"},"image":{"@id":"https://hasznalt-ora.hu/hirdetes/tag-heuer-full-szett-elado-ar-alatt/#primaryimage"},"thumbnailUrl":"https://hasznalt-ora.hu/wp-content/uploads/2022/11/39FB8D87-7F71-42D9-8B9E-931C01854B04-scaled.jpeg","datePublished":"2022-11-08T08:02:55+00:00","breadcrumb":{"@id":"https://hasznalt-ora.hu/hirdetes/tag-heuer-full-szett-elado-ar-alatt/#breadcrumb"},"inLanguage":"en-US","potentialAction":[{"@type":"ReadAction","target":["https://hasznalt-ora.hu/hirdetes/tag-heuer-full-szett-elado-ar-alatt/"]}]},{"@type":"ImageObject","inLanguage":"en-US","@id":"https://hasznalt-ora.hu/hirdetes/tag-heuer-full-szett-elado-ar-alatt/#primaryimage","url":"https://hasznalt-ora.hu/wp-content/uploads/2022/11/39FB8D87-7F71-42D9-8B9E-931C01854B04-scaled.jpeg","contentUrl":"https://hasznalt-ora.hu/wp-content/uploads/2022/11/39FB8D87-7F71-42D9-8B9E-931C01854B04-scaled.jpeg","width":2048,"height":2560},{"@type":"BreadcrumbList","@id":"https://hasznalt-ora.hu/hirdetes/tag-heuer-full-szett-elado-ar-alatt/#breadcrumb","itemListElement":[{"@type":"ListItem","position":1,"name":"Kezdőlap","item":"https://hasznalt-ora.hu/"},{"@type":"ListItem","position":2,"name":"Tag Heuer full szett eladó ár alatt"}]},{"@type":"WebSite","@id":"https://hasznalt-ora.hu/#website","url":"https://hasznalt-ora.hu/","name":"HASZNÁLT-ÓRA.HU","description":"A magyar használt óra piactér","publisher":{"@id":"https://hasznalt-ora.hu/#organization"},"potentialAction":[{"@type":"SearchAction","target":{"@type":"EntryPoint","urlTemplate":"https://hasznalt-ora.hu/?s={search_term_string}"},"query-input":{"@type":"PropertyValueSpecification","valueRequired":true,"valueName":"search_term_string"}}],"inLanguage":"en-US"},{"@type":"Organization","@id":"https://hasznalt-ora.hu/#organization","name":"HASZNÁLT-ÓRA.HU","url":"https://hasznalt-ora.hu/","logo":{"@type":"ImageObject","inLanguage":"en-US","@id":"https://hasznalt-ora.hu/#/schema/logo/image/","url":"https://hasznalt-ora.hu/wp-content/uploads/2021/07/hasznalt_ora_k_2-scaled.jpg","contentUrl":"https://hasznalt-ora.hu/wp-content/uploads/2021/07/hasznalt_ora_k_2-scaled.jpg","width":2560,"height":1612,"caption":"HASZNÁLT-ÓRA.HU"},"image":{"@id":"https://hasznalt-ora.hu/#/schema/logo/image/"},"sameAs":["https://www.facebook.com/groups/hasznaltorakpiactere"]}]}</script>
<!-- / Yoast SEO plugin. -->

Tag Heuer full szett eladó ár alatt - HASZNÁLT-ÓRA.HU

Kezdőlap

HASZNÁLT-ÓRA.HU

A magyar használt óra piactér
